CRAN Package Check Results for Package alfr

Last updated on 2022-11-16 08:02:45 CET.

Flavor Version Tinstall Tcheck Ttotal Status Flags
r-devel-linux-x86_64-debian-clang 1.2.1 NOTE
r-devel-linux-x86_64-debian-gcc 1.2.1 1.91 26.47 28.38 NOTE
r-devel-linux-x86_64-fedora-clang 1.2.1 55.90 NOTE
r-devel-linux-x86_64-fedora-gcc 1.2.1 55.62 NOTE
r-devel-windows-x86_64 1.2.1 76.00 84.00 160.00 NOTE
r-patched-linux-x86_64 1.2.1 2.39 32.22 34.61 NOTE
r-release-linux-x86_64 1.2.1 2.38 32.56 34.94 NOTE
r-release-macos-arm64 1.2.1 18.00 NOTE
r-release-macos-x86_64 1.2.1 26.00 NOTE
r-release-windows-x86_64 1.2.1 46.00 85.00 131.00 NOTE
r-oldrel-macos-arm64 1.2.1 23.00 NOTE
r-oldrel-macos-x86_64 1.2.1 31.00 NOTE
r-oldrel-windows-ix86+x86_64 1.2.1 6.00 71.00 77.00 NOTE

Check Details

Version: 1.2.1
Check: LazyData
Result: NOTE
     'LazyData' is specified without a 'data' directory
Flavors: r-devel-linux-x86_64-debian-clang, r-devel-linux-x86_64-debian-gcc, r-devel-linux-x86_64-fedora-clang, r-devel-linux-x86_64-fedora-gcc, r-devel-windows-x86_64, r-patched-linux-x86_64, r-release-linux-x86_64, r-release-macos-arm64, r-release-macos-x86_64, r-release-windows-x86_64, r-oldrel-macos-arm64, r-oldrel-macos-x86_64, r-oldrel-windows-ix86+x86_64