Last updated on 2023-06-03 20:52:58 CEST.
Flavor | Version | Tinstall | Tcheck | Ttotal | Status | Flags |
---|---|---|---|---|---|---|
r-devel-linux-x86_64-debian-clang | 0.6-3.4 | 12.58 | 40.67 | 53.25 | OK | |
r-devel-linux-x86_64-debian-gcc | 0.6-3.4 | 8.55 | 32.17 | 40.72 | OK | |
r-devel-linux-x86_64-fedora-clang | 0.6-3.4 | 67.97 | OK | |||
r-devel-linux-x86_64-fedora-gcc | 0.6-3.4 | 74.28 | OK | |||
r-devel-windows-x86_64 | 0.6-3.4 | 13.00 | 57.00 | 70.00 | OK | |
r-patched-linux-x86_64 | 0.6-3.4 | OK | ||||
r-release-linux-x86_64 | 0.6-3.4 | 9.77 | 39.31 | 49.08 | OK | |
r-release-macos-arm64 | 0.6-3.4 | 33.00 | OK | |||
r-release-macos-x86_64 | 0.6-3.4 | 49.00 | NOTE | |||
r-release-windows-x86_64 | 0.6-3.4 | 13.00 | 59.00 | 72.00 | OK | |
r-oldrel-macos-arm64 | 0.6-3.4 | 29.00 | OK | |||
r-oldrel-macos-x86_64 | 0.6-3.4 | 36.00 | OK | |||
r-oldrel-windows-x86_64 | 0.6-3.4 | 14.00 | 65.00 | 79.00 | OK |
Version: 0.6-3.4
Check: package dependencies
Result: NOTE
Package which this enhances but not available for checking: ‘tripack’
Flavor: r-release-macos-x86_64
Version: 0.6-3.4
Check: Rd cross-references
Result: NOTE
Package unavailable to check Rd xrefs: ‘tripack’
Flavor: r-release-macos-x86_64