CRAN Package Check Results for Package akima

Last updated on 2024-02-23 07:52:02 CET.

Flavor Version Tinstall Tcheck Ttotal Status Flags
r-devel-linux-x86_64-debian-clang 0.6-3.4 NOTE
r-devel-linux-x86_64-debian-gcc 0.6-3.4 10.19 31.81 42.00 NOTE
r-devel-linux-x86_64-fedora-clang 0.6-3.4 72.35 NOTE
r-devel-linux-x86_64-fedora-gcc 0.6-3.4 69.53 NOTE
r-devel-windows-x86_64 0.6-3.4 13.00 56.00 69.00 OK
r-patched-linux-x86_64 0.6-3.4 13.20 40.48 53.68 OK
r-release-linux-x86_64 0.6-3.4 10.52 40.67 51.19 OK
r-release-macos-arm64 0.6-3.4 33.00 OK
r-release-macos-x86_64 0.6-3.4 49.00 NOTE
r-release-windows-x86_64 0.6-3.4 15.00 60.00 75.00 OK
r-oldrel-macos-arm64 0.6-3.4 29.00 OK
r-oldrel-windows-x86_64 0.6-3.4 14.00 70.00 84.00 OK

Check Details

Version: 0.6-3.4
Check: Rd files
Result: NOTE checkRd: (-1) interpp.Rd:119: Lost braces 119 | If \code{linear} is \\code{TRUE}, linear | ^ Flavors: r-devel-linux-x86_64-debian-clang, r-devel-linux-x86_64-debian-gcc, r-devel-linux-x86_64-fedora-clang, r-devel-linux-x86_64-fedora-gcc

Version: 0.6-3.4
Check: package dependencies
Result: NOTE Package which this enhances but not available for checking: ‘tripack’ Flavor: r-release-macos-x86_64

Version: 0.6-3.4
Check: Rd cross-references
Result: NOTE Package unavailable to check Rd xrefs: ‘tripack’ Flavor: r-release-macos-x86_64