CRAN Package Check Results for Package afdx

Last updated on 2023-03-28 08:54:42 CEST.

Flavor Version Tinstall Tcheck Ttotal Status Flags
r-devel-linux-x86_64-debian-clang 1.1.1 6.01 72.08 78.09 NOTE
r-devel-linux-x86_64-debian-gcc 1.1.1 4.03 54.86 58.89 NOTE
r-devel-linux-x86_64-fedora-clang 1.1.1 97.82 NOTE
r-devel-linux-x86_64-fedora-gcc 1.1.1 119.52 NOTE
r-devel-windows-x86_64 1.1.1 24.00 111.00 135.00 NOTE
r-patched-linux-x86_64 1.1.1 6.32 67.61 73.93 NOTE
r-release-linux-x86_64 1.1.1 5.86 71.58 77.44 OK
r-release-macos-arm64 1.1.1 34.00 OK
r-release-macos-x86_64 1.1.1 66.00 NOTE
r-release-windows-x86_64 1.1.1 19.00 118.00 137.00 OK
r-oldrel-macos-arm64 1.1.1 47.00 NOTE
r-oldrel-macos-x86_64 1.1.1 56.00 OK
r-oldrel-windows-ix86+x86_64 1.1.1 15.00 99.00 114.00 OK

Check Details

Version: 1.1.1
Check: package subdirectories
Result: NOTE
    Problems with news in ‘NEWS.md’:
    No news entries found.
Flavors: r-devel-linux-x86_64-debian-clang, r-devel-linux-x86_64-debian-gcc, r-devel-linux-x86_64-fedora-clang, r-devel-linux-x86_64-fedora-gcc, r-devel-windows-x86_64, r-patched-linux-x86_64

Version: 1.1.1
Check: package dependencies
Result: NOTE
    Package suggested but not available for checking: ‘rjags’
Flavors: r-release-macos-x86_64, r-oldrel-macos-arm64