CRAN Package Check Results for Package adobeanalyticsr

Last updated on 2022-12-02 19:49:33 CET.

Flavor Version Tinstall Tcheck Ttotal Status Flags
r-devel-linux-x86_64-debian-clang 0.3.3 9.79 76.93 86.72 OK
r-devel-linux-x86_64-debian-gcc 0.3.3 7.65 57.24 64.89 OK
r-devel-linux-x86_64-fedora-clang 0.3.3 115.31 NOTE
r-devel-linux-x86_64-fedora-gcc 0.3.3 111.60 NOTE
r-devel-windows-x86_64 0.3.3 104.00 106.00 210.00 OK
r-patched-linux-x86_64 0.3.3 8.87 70.74 79.61 OK
r-release-linux-x86_64 0.3.3 9.09 69.65 78.74 OK
r-release-macos-arm64 0.3.3 35.00 NOTE
r-release-macos-x86_64 0.3.3 48.00 NOTE
r-release-windows-x86_64 0.3.3 104.00 106.00 210.00 OK
r-oldrel-macos-arm64 0.3.3 39.00 NOTE
r-oldrel-macos-x86_64 0.3.3 48.00 NOTE
r-oldrel-windows-ix86+x86_64 0.3.3 20.00 97.00 117.00 OK

Check Details

Version: 0.3.3
Check: dependencies in R code
Result: NOTE
    Namespace in Imports field not imported from: ‘tibble’
     All declared Imports should be used.
Flavors: r-devel-linux-x86_64-fedora-clang, r-devel-linux-x86_64-fedora-gcc, r-release-macos-arm64, r-release-macos-x86_64, r-oldrel-macos-arm64, r-oldrel-macos-x86_64