Last updated on 2022-08-19 08:53:36 CEST.
Flavor | Version | Tinstall | Tcheck | Ttotal | Status | Flags |
---|---|---|---|---|---|---|
r-devel-linux-x86_64-debian-clang | 1.1.5 | 2.48 | 26.09 | 28.57 | NOTE | |
r-devel-linux-x86_64-debian-gcc | 1.1.5 | 1.75 | 20.32 | 22.07 | NOTE | |
r-devel-linux-x86_64-fedora-clang | 1.1.5 | 45.48 | NOTE | |||
r-devel-linux-x86_64-fedora-gcc | 1.1.5 | 47.20 | NOTE | |||
r-devel-windows-x86_64 | 1.1.5 | 9.00 | 50.00 | 59.00 | NOTE | |
r-patched-linux-x86_64 | 1.1.5 | 2.51 | 24.59 | 27.10 | OK | |
r-release-linux-x86_64 | 1.1.5 | OK | ||||
r-release-macos-arm64 | 1.1.5 | 16.00 | OK | |||
r-release-macos-x86_64 | 1.1.5 | 23.00 | OK | |||
r-release-windows-x86_64 | 1.1.5 | 11.00 | 52.00 | 63.00 | OK | |
r-oldrel-macos-arm64 | 1.1.5 | 17.00 | OK | |||
r-oldrel-macos-x86_64 | 1.1.5 | 24.00 | OK | |||
r-oldrel-windows-ix86+x86_64 | 1.1.5 | 5.00 | 49.00 | 54.00 | OK |
Version: 1.1.5
Check: HTML version of manual
Result: NOTE
Found the following HTML validation problems:
acled.api.html:145:40: Warning: missing </a> before <a>
acled.api.html:145:151: Warning: discarding unexpected </a>
get.api.regions.html:57:40: Warning: missing </a> before <a>
get.api.regions.html:57:151: Warning: discarding unexpected </a>
Flavors: r-devel-linux-x86_64-debian-clang, r-devel-linux-x86_64-debian-gcc, r-devel-linux-x86_64-fedora-clang, r-devel-linux-x86_64-fedora-gcc
Version: 1.1.5
Check: HTML version of manual
Result: NOTE
Found the following HTML validation problems:
acled.api.html:145:40: Warning: missing </a> before <a>
acled.api.html:145:151: Warning: discarding unexpected </a>
get.api.regions.html:57:40: Warning: missing </a> before <a>
get.api.regions.html:57:151: Warning: discarding unexpected </a>
Flavor: r-devel-windows-x86_64