CRAN Package Check Results for Package Z10

Last updated on 2022-09-27 20:53:18 CEST.

Flavor Version Tinstall Tcheck Ttotal Status Flags
r-devel-linux-x86_64-debian-clang 0.1.0 2.87 25.28 28.15 NOTE
r-devel-linux-x86_64-debian-gcc 0.1.0 1.89 20.10 21.99 NOTE
r-devel-linux-x86_64-fedora-clang 0.1.0 49.48 NOTE
r-devel-linux-x86_64-fedora-gcc 0.1.0 46.72 NOTE
r-devel-windows-x86_64 0.1.0 11.00 61.00 72.00 NOTE
r-patched-linux-x86_64 0.1.0 2.77 24.51 27.28 NOTE
r-release-linux-x86_64 0.1.0 2.64 24.60 27.24 NOTE
r-release-macos-arm64 0.1.0 16.00 NOTE
r-release-macos-x86_64 0.1.0 29.00 NOTE
r-release-windows-x86_64 0.1.0 8.00 51.00 59.00 NOTE
r-oldrel-macos-arm64 0.1.0 20.00 NOTE
r-oldrel-macos-x86_64 0.1.0 28.00 NOTE
r-oldrel-windows-ix86+x86_64 0.1.0 6.00 50.00 56.00 NOTE

Check Details

Version: 0.1.0
Check: package dependencies
Result: NOTE
    Packages suggested but not available for checking: 'RNRCS', 'metScanR'
Flavors: r-devel-linux-x86_64-debian-clang, r-devel-linux-x86_64-debian-gcc, r-devel-linux-x86_64-fedora-clang, r-devel-linux-x86_64-fedora-gcc, r-patched-linux-x86_64, r-release-linux-x86_64

Version: 0.1.0
Check: LazyData
Result: NOTE
     'LazyData' is specified without a 'data' directory
Flavors: r-devel-linux-x86_64-debian-clang, r-devel-linux-x86_64-debian-gcc, r-devel-linux-x86_64-fedora-clang, r-devel-linux-x86_64-fedora-gcc, r-devel-windows-x86_64, r-patched-linux-x86_64, r-release-linux-x86_64, r-release-macos-arm64, r-release-macos-x86_64, r-release-windows-x86_64, r-oldrel-macos-arm64, r-oldrel-macos-x86_64, r-oldrel-windows-ix86+x86_64

Version: 0.1.0
Check: package dependencies
Result: NOTE
    Package suggested but not available for checking: ‘RNRCS’
Flavors: r-release-macos-arm64, r-release-macos-x86_64