Last updated on 2023-06-01 20:53:59 CEST.
Flavor | Version | Tinstall | Tcheck | Ttotal | Status | Flags |
---|---|---|---|---|---|---|
r-devel-linux-x86_64-debian-clang | 1.1-4 | 14.37 | 283.42 | 297.79 | OK | |
r-devel-linux-x86_64-debian-gcc | 1.1-4 | 13.49 | 197.29 | 210.78 | OK | |
r-devel-linux-x86_64-fedora-clang | 1.1-4 | 355.57 | OK | |||
r-devel-linux-x86_64-fedora-gcc | 1.1-4 | 390.08 | OK | |||
r-devel-windows-x86_64 | 1.1-4 | 13.00 | 209.00 | 222.00 | OK | |
r-patched-linux-x86_64 | 1.1-4 | OK | ||||
r-release-linux-x86_64 | 1.1-4 | 15.77 | 263.98 | 279.75 | OK | |
r-release-macos-arm64 | 1.1-4 | 94.00 | OK | |||
r-release-macos-x86_64 | 1.1-4 | 160.00 | NOTE | |||
r-release-windows-x86_64 | 1.1-4 | 17.00 | 265.00 | 282.00 | OK | |
r-oldrel-macos-arm64 | 1.1-4 | 91.00 | OK | |||
r-oldrel-macos-x86_64 | 1.1-4 | 109.00 | OK | |||
r-oldrel-windows-x86_64 | 1.1-4 | 18.00 | 256.00 | 274.00 | OK |
Version: 1.1-4
Check: package dependencies
Result: NOTE
Package suggested but not available for checking: ‘car’
Flavor: r-release-macos-x86_64