Last updated on 2023-06-01 20:53:59 CEST.
Flavor | Version | Tinstall | Tcheck | Ttotal | Status | Flags |
---|---|---|---|---|---|---|
r-devel-linux-x86_64-debian-clang | 1.72-1 | 69.73 | 484.41 | 554.14 | OK | |
r-devel-linux-x86_64-debian-gcc | 1.72-1 | 69.29 | 356.36 | 425.65 | OK | |
r-devel-linux-x86_64-fedora-clang | 1.72-1 | 710.58 | OK | |||
r-devel-linux-x86_64-fedora-gcc | 1.72-1 | 739.47 | OK | |||
r-devel-windows-x86_64 | 1.72-1 | 68.00 | 405.00 | 473.00 | OK | |
r-patched-linux-x86_64 | 1.72-1 | OK | ||||
r-release-linux-x86_64 | 1.72-1 | 62.20 | 453.04 | 515.24 | OK | |
r-release-macos-arm64 | 1.72-1 | 167.00 | NOTE | |||
r-release-macos-x86_64 | 1.72-1 | 309.00 | NOTE | |||
r-release-windows-x86_64 | 1.72-1 | 93.00 | 520.00 | 613.00 | OK | |
r-oldrel-macos-arm64 | 1.72-1 | 126.00 | NOTE | |||
r-oldrel-macos-x86_64 | 1.72-1 | 204.00 | OK | |||
r-oldrel-windows-x86_64 | 1.72-1 | 87.00 | 464.00 | 551.00 | OK |
Version: 1.72-1
Check: package dependencies
Result: NOTE
Package suggested but not available for checking: ‘org.Mm.eg.db’
Flavor: r-release-macos-arm64
Version: 1.72-1
Check: installed package size
Result: NOTE
installed size is 5.3Mb
sub-directories of 1Mb or more:
R 2.1Mb
libs 1.5Mb
Flavors: r-release-macos-arm64, r-release-macos-x86_64, r-oldrel-macos-arm64
Version: 1.72-1
Check: package dependencies
Result: NOTE
Packages suggested but not available for checking: 'org.Mm.eg.db', 'minet'
Flavor: r-release-macos-x86_64