CRAN Package Check Results for Package VSURF

Last updated on 2024-07-23 20:49:24 CEST.

Flavor Version Tinstall Tcheck Ttotal Status Flags
r-devel-linux-x86_64-debian-clang 1.2.0 4.43 51.22 55.65 OK
r-devel-linux-x86_64-debian-gcc 1.2.0 2.49 38.80 41.29 NOTE
r-devel-linux-x86_64-fedora-clang 1.2.0 38.46 OK
r-devel-linux-x86_64-fedora-gcc 1.2.0 64.84 OK
r-devel-windows-x86_64 1.2.0 4.00 68.00 72.00 NOTE
r-patched-linux-x86_64 1.2.0 5.33 48.27 53.60 OK
r-release-linux-x86_64 1.2.0 3.46 47.95 51.41 OK
r-release-macos-arm64 1.2.0 26.00 OK
r-release-macos-x86_64 1.2.0 39.00 OK
r-release-windows-x86_64 1.2.0 4.00 69.00 73.00 OK
r-oldrel-macos-arm64 1.2.0 29.00 OK
r-oldrel-macos-x86_64 1.2.0 40.00 OK
r-oldrel-windows-x86_64 1.2.0 5.00 71.00 76.00 OK

Additional issues

M1mac

Check Details

Version: 1.2.0
Check: Rd cross-references
Result: NOTE Found the following Rd file(s) with Rd \link{} targets missing package anchors: VSURF.Rd: randomForest VSURF_interp.Rd: randomForest VSURF_pred.Rd: randomForest VSURF_thres.Rd: randomForest predict.VSURF.Rd: randomForest, predict.randomForest Please provide package anchors for all Rd \link{} targets not in the package itself and the base packages. Flavors: r-devel-linux-x86_64-debian-gcc, r-devel-windows-x86_64