CRAN Package Check Results for Package ThreeWiseMonkeys

Last updated on 2022-12-05 07:53:56 CET.

Flavor Version Tinstall Tcheck Ttotal Status Flags
r-devel-linux-x86_64-debian-clang 0.1.0 4.04 38.74 42.78 NOTE
r-devel-linux-x86_64-debian-gcc 0.1.0 3.30 33.28 36.58 NOTE
r-devel-linux-x86_64-fedora-clang 0.1.0 62.04 NOTE
r-devel-linux-x86_64-fedora-gcc 0.1.0 67.22 NOTE
r-devel-windows-x86_64 0.1.0 11.00 69.00 80.00 NOTE
r-patched-linux-x86_64 0.1.0 4.57 41.16 45.73 NOTE
r-release-linux-x86_64 0.1.0 4.51 41.45 45.96 NOTE
r-release-macos-arm64 0.1.0 21.00 NOTE
r-release-macos-x86_64 0.1.0 25.00 NOTE
r-release-windows-x86_64 0.1.0 19.00 74.00 93.00 NOTE
r-oldrel-macos-arm64 0.1.0 24.00 NOTE
r-oldrel-macos-x86_64 0.1.0 34.00 NOTE
r-oldrel-windows-ix86+x86_64 0.1.0 9.00 61.00 70.00 NOTE

Check Details

Version: 0.1.0
Check: LazyData
Result: NOTE
     'LazyData' is specified without a 'data' directory
Flavors: r-devel-linux-x86_64-debian-clang, r-devel-linux-x86_64-debian-gcc, r-devel-linux-x86_64-fedora-clang, r-devel-linux-x86_64-fedora-gcc, r-devel-windows-x86_64, r-patched-linux-x86_64, r-release-linux-x86_64, r-release-macos-arm64, r-release-macos-x86_64, r-release-windows-x86_64, r-oldrel-macos-arm64, r-oldrel-macos-x86_64, r-oldrel-windows-ix86+x86_64