CRAN Package Check Results for Package TIMP

Last updated on 2022-11-16 08:03:07 CET.

Flavor Version Tinstall Tcheck Ttotal Status Flags
r-devel-linux-x86_64-debian-clang 1.13.2 WARN
r-devel-linux-x86_64-debian-gcc 1.13.2 18.55 133.83 152.38 WARN
r-devel-linux-x86_64-fedora-clang 1.13.2 259.89 WARN
r-devel-linux-x86_64-fedora-gcc 1.13.2 267.76 WARN
r-devel-windows-x86_64 1.13.2 74.00 207.00 281.00 NOTE
r-patched-linux-x86_64 1.13.2 20.73 169.53 190.26 NOTE
r-release-linux-x86_64 1.13.2 19.32 171.79 191.11 NOTE
r-release-macos-arm64 1.13.2 46.00 OK
r-release-macos-x86_64 1.13.2 122.00 OK
r-release-windows-x86_64 1.13.2 62.00 327.00 389.00 OK
r-oldrel-macos-arm64 1.13.2 63.00 OK
r-oldrel-macos-x86_64 1.13.2 105.00 OK
r-oldrel-windows-ix86+x86_64 1.13.2 44.00 462.00 506.00 OK

Additional issues

clang15 clang15

Check Details

Version: 1.13.2
Check: whether package can be installed
Result: WARN
    Found the following significant warnings:
     ntr.c:65:8: warning: a function definition without a prototype is deprecated in all versions of C and is not supported in C2x [-Wdeprecated-non-prototype]
     ntr.c:91:8: warning: a function definition without a prototype is deprecated in all versions of C and is not supported in C2x [-Wdeprecated-non-prototype]
     ntr.c:113:8: warning: a function definition without a prototype is deprecated in all versions of C and is not supported in C2x [-Wdeprecated-non-prototype]
     ntr.c:164:8: warning: a function definition without a prototype is deprecated in all versions of C and is not supported in C2x [-Wdeprecated-non-prototype]
Flavors: r-devel-linux-x86_64-debian-clang, r-devel-linux-x86_64-fedora-clang

Version: 1.13.2
Check: Rd files
Result: NOTE
    checkRd: (-1) dat-class.Rd:47: Escaped LaTeX specials: \_
    checkRd: (-1) dat-class.Rd:48: Escaped LaTeX specials: \_
    checkRd: (-1) dat-class.Rd:49: Escaped LaTeX specials: \_
    checkRd: (-1) dat-class.Rd:50: Escaped LaTeX specials: \_
Flavors: r-devel-linux-x86_64-debian-clang, r-devel-linux-x86_64-debian-gcc, r-devel-linux-x86_64-fedora-clang, r-devel-linux-x86_64-fedora-gcc, r-devel-windows-x86_64

Version: 1.13.2
Check: for non-standard things in the check directory
Result: NOTE
    Found the following files/directories:
     '_paramEst.txt'
Flavors: r-devel-linux-x86_64-debian-clang, r-devel-linux-x86_64-debian-gcc, r-devel-linux-x86_64-fedora-clang, r-devel-linux-x86_64-fedora-gcc, r-patched-linux-x86_64, r-release-linux-x86_64

Version: 1.13.2
Check: whether package can be installed
Result: WARN
    Found the following significant warnings:
     ntr.c:65:8: warning: function declaration isn’t a prototype [-Wstrict-prototypes]
     ntr.c:91:8: warning: function declaration isn’t a prototype [-Wstrict-prototypes]
Flavors: r-devel-linux-x86_64-debian-gcc, r-devel-linux-x86_64-fedora-gcc