CRAN Package Check Results for Package T4cluster

Last updated on 2022-10-02 08:55:28 CEST.

Flavor Version Tinstall Tcheck Ttotal Status Flags
r-devel-linux-x86_64-debian-clang 0.1.2 242.97 203.81 446.78 OK
r-devel-linux-x86_64-debian-gcc 0.1.2 184.24 154.27 338.51 OK
r-devel-linux-x86_64-fedora-clang 0.1.2 678.89 NOTE
r-devel-linux-x86_64-fedora-gcc 0.1.2 594.27 OK
r-devel-windows-x86_64 0.1.2 195.00 305.00 500.00 OK
r-patched-linux-x86_64 0.1.2 199.36 190.64 390.00 OK
r-release-linux-x86_64 0.1.2 198.70 195.13 393.83 OK
r-release-macos-arm64 0.1.2 134.00 NOTE
r-release-macos-x86_64 0.1.2 210.00 NOTE
r-release-windows-x86_64 0.1.2 200.00 220.00 420.00 OK
r-oldrel-macos-arm64 0.1.2 143.00 NOTE
r-oldrel-macos-x86_64 0.1.2 174.00 NOTE
r-oldrel-windows-ix86+x86_64 0.1.2 549.00 578.00 1127.00 OK

Check Details

Version: 0.1.2
Check: Rd cross-references
Result: NOTE
    Undeclared package ‘HSAUR3’ in Rd xrefs
Flavor: r-devel-linux-x86_64-fedora-clang

Version: 0.1.2
Check: installed package size
Result: NOTE
     installed size is 11.7Mb
     sub-directories of 1Mb or more:
     libs 11.3Mb
Flavors: r-release-macos-arm64, r-release-macos-x86_64, r-oldrel-macos-arm64, r-oldrel-macos-x86_64