Last updated on 2023-04-01 08:55:55 CEST.
Flavor | Version | Tinstall | Tcheck | Ttotal | Status | Flags |
---|---|---|---|---|---|---|
r-devel-linux-x86_64-debian-clang | 0.1.3 | 8.89 | 85.19 | 94.08 | OK | |
r-devel-linux-x86_64-debian-gcc | 0.1.3 | 7.39 | 61.46 | 68.85 | OK | |
r-devel-linux-x86_64-fedora-clang | 0.1.3 | 115.88 | NOTE | |||
r-devel-linux-x86_64-fedora-gcc | 0.1.3 | 113.63 | NOTE | |||
r-devel-windows-x86_64 | 0.1.3 | 36.00 | 0.00 | 36.00 | OK | |
r-patched-linux-x86_64 | 0.1.3 | 11.15 | 78.63 | 89.78 | OK | |
r-release-linux-x86_64 | 0.1.3 | 9.38 | 81.54 | 90.92 | OK | |
r-release-macos-arm64 | 0.1.3 | 30.00 | OK | |||
r-release-macos-x86_64 | 0.1.3 | 50.00 | OK | |||
r-release-windows-x86_64 | 0.1.3 | 25.00 | 129.00 | 154.00 | OK | |
r-oldrel-macos-arm64 | 0.1.3 | 41.00 | OK | |||
r-oldrel-macos-x86_64 | 0.1.3 | 52.00 | OK | |||
r-oldrel-windows-ix86+x86_64 | 0.1.3 | 24.00 | 117.00 | 141.00 | OK |
Version: 0.1.3
Check: data for non-ASCII characters
Result: NOTE
Note: found 38 marked UTF-8 strings
Flavors: r-devel-linux-x86_64-fedora-clang, r-devel-linux-x86_64-fedora-gcc