CRAN Package Check Results for Package Superpower

Last updated on 2022-08-14 20:51:05 CEST.

Flavor Version Tinstall Tcheck Ttotal Status Flags
r-devel-linux-x86_64-debian-clang 0.2.0 22.59 375.26 397.85 OK
r-devel-linux-x86_64-debian-gcc 0.2.0 13.30 277.31 290.61 OK
r-devel-linux-x86_64-fedora-clang 0.2.0 460.61 NOTE
r-devel-linux-x86_64-fedora-gcc 0.2.0 464.50 NOTE
r-devel-windows-x86_64 0.2.0 63.00 581.00 644.00 OK
r-patched-linux-x86_64 0.2.0 22.18 358.78 380.96 OK
r-release-linux-x86_64 0.2.0 15.13 349.22 364.35 OK
r-release-macos-arm64 0.2.0 105.00 NOTE
r-release-macos-x86_64 0.2.0 176.00 NOTE
r-release-windows-x86_64 0.2.0 52.00 408.00 460.00 OK
r-oldrel-macos-arm64 0.2.0 95.00 NOTE
r-oldrel-macos-x86_64 0.2.0 186.00 NOTE
r-oldrel-windows-ix86+x86_64 0.2.0 41.00 430.00 471.00 OK

Check Details

Version: 0.2.0
Check: dependencies in R code
Result: NOTE
    Namespaces in Imports field not imported from:
     ‘gridExtra’ ‘mvtnorm’
     All declared Imports should be used.
Flavors: r-devel-linux-x86_64-fedora-clang, r-devel-linux-x86_64-fedora-gcc, r-release-macos-arm64, r-release-macos-x86_64, r-oldrel-macos-arm64, r-oldrel-macos-x86_64