CRAN Package Check Results for Package SunsVoc

Last updated on 2023-12-01 07:50:22 CET.

Flavor Version Tinstall Tcheck Ttotal Status Flags
r-devel-linux-x86_64-debian-clang 0.1.2 22.30 71.15 93.45 OK
r-devel-linux-x86_64-debian-gcc 0.1.2 20.01 53.50 73.51 OK
r-devel-linux-x86_64-fedora-clang 0.1.2 123.24 NOTE
r-devel-linux-x86_64-fedora-gcc 0.1.2 132.06 NOTE
r-devel-windows-x86_64 0.1.2 25.00 82.00 107.00 OK
r-patched-linux-x86_64 0.1.2 22.52 68.96 91.48 OK
r-release-linux-x86_64 0.1.2 22.79 69.19 91.98 OK
r-release-macos-arm64 0.1.2 60.00 OK
r-release-macos-x86_64 0.1.2 80.00 OK
r-release-windows-x86_64 0.1.2 30.00 89.00 119.00 OK
r-oldrel-macos-arm64 0.1.2 54.00 NOTE
r-oldrel-macos-x86_64 0.1.2 79.00 NOTE
r-oldrel-windows-x86_64 0.1.2 31.00 95.00 126.00 OK

Check Details

Version: 0.1.2
Check: dependencies in R code
Result: NOTE Namespace in Imports field not imported from: ‘data.table’ All declared Imports should be used. Flavors: r-devel-linux-x86_64-fedora-clang, r-devel-linux-x86_64-fedora-gcc, r-oldrel-macos-arm64, r-oldrel-macos-x86_64