CRAN Package Check Results for Package SubgrPlots

Last updated on 2022-10-04 08:54:00 CEST.

Flavor Version Tinstall Tcheck Ttotal Status Flags
r-devel-linux-x86_64-debian-clang 0.1.3 43.41 334.82 378.23 OK
r-devel-linux-x86_64-debian-gcc 0.1.3 25.65 245.64 271.29 OK
r-devel-linux-x86_64-fedora-clang 0.1.3 468.77 NOTE
r-devel-linux-x86_64-fedora-gcc 0.1.3 452.50 NOTE
r-devel-windows-x86_64 0.1.3 52.00 643.00 695.00 OK
r-patched-linux-x86_64 0.1.3 34.64 314.72 349.36 OK
r-release-linux-x86_64 0.1.3 25.95 306.72 332.67 OK
r-release-macos-arm64 0.1.3 142.00 NOTE
r-release-macos-x86_64 0.1.3 184.00 NOTE
r-release-windows-x86_64 0.1.3 46.00 628.00 674.00 OK
r-oldrel-macos-arm64 0.1.3 155.00 NOTE
r-oldrel-macos-x86_64 0.1.3 196.00 NOTE
r-oldrel-windows-ix86+x86_64 0.1.3 62.00 373.00 435.00 OK

Check Details

Version: 0.1.3
Check: dependencies in R code
Result: NOTE
    Namespaces in Imports field not imported from:
     ‘UpSetR’ ‘alluvial’ ‘gridBase’
     All declared Imports should be used.
Flavors: r-devel-linux-x86_64-fedora-clang, r-devel-linux-x86_64-fedora-gcc, r-release-macos-arm64, r-release-macos-x86_64, r-oldrel-macos-arm64, r-oldrel-macos-x86_64