Last updated on 2023-02-06 19:54:37 CET.
Flavor | Version | Tinstall | Tcheck | Ttotal | Status | Flags |
---|---|---|---|---|---|---|
r-devel-linux-x86_64-debian-clang | 1.1.0 | 571.73 | 204.24 | 775.97 | NOTE | |
r-devel-linux-x86_64-debian-gcc | 1.1.0 | 520.84 | 174.53 | 695.37 | NOTE | |
r-devel-linux-x86_64-fedora-clang | 1.1.0 | 984.84 | NOTE | |||
r-devel-linux-x86_64-fedora-gcc | 1.1.0 | 1173.74 | NOTE | |||
r-devel-windows-x86_64 | 1.1.0 | 404.00 | 301.00 | 705.00 | NOTE | |
r-patched-linux-x86_64 | 1.1.0 | 475.26 | 222.86 | 698.12 | NOTE | |
r-release-linux-x86_64 | 1.1.0 | 458.57 | 223.97 | 682.54 | NOTE | |
r-release-macos-arm64 | 1.1.0 | 225.00 | NOTE | |||
r-release-macos-x86_64 | 1.1.0 | 360.00 | NOTE | |||
r-release-windows-x86_64 | 1.1.0 | 390.00 | 346.00 | 736.00 | NOTE | |
r-oldrel-macos-arm64 | 1.1.0 | 196.00 | NOTE | |||
r-oldrel-macos-x86_64 | 1.1.0 | 359.00 | NOTE | |||
r-oldrel-windows-ix86+x86_64 | 1.1.0 | 1273.00 | 392.00 | 1665.00 | NOTE |
Version: 1.1.0
Check: C++ specification
Result: NOTE
Specified C++14: please update to current default of C++17
Flavors: r-devel-linux-x86_64-debian-clang, r-devel-linux-x86_64-debian-gcc, r-devel-linux-x86_64-fedora-clang, r-devel-linux-x86_64-fedora-gcc, r-devel-windows-x86_64
Version: 1.1.0
Check: for GNU extensions in Makefiles
Result: NOTE
GNU make is a SystemRequirements.
Flavors: r-devel-linux-x86_64-debian-clang, r-devel-linux-x86_64-debian-gcc, r-devel-linux-x86_64-fedora-clang, r-devel-linux-x86_64-fedora-gcc, r-devel-windows-x86_64, r-patched-linux-x86_64, r-release-linux-x86_64, r-release-macos-arm64, r-release-macos-x86_64, r-release-windows-x86_64, r-oldrel-macos-arm64, r-oldrel-macos-x86_64, r-oldrel-windows-ix86+x86_64
Version: 1.1.0
Check: installed package size
Result: NOTE
installed size is 6.9Mb
sub-directories of 1Mb or more:
libs 6.0Mb
Flavors: r-devel-linux-x86_64-fedora-clang, r-devel-windows-x86_64, r-release-macos-arm64, r-release-macos-x86_64, r-release-windows-x86_64, r-oldrel-macos-arm64, r-oldrel-macos-x86_64, r-oldrel-windows-ix86+x86_64
Version: 1.1.0
Check: dependencies in R code
Result: NOTE
Namespaces in Imports field not imported from:
‘RcppParallel’ ‘httr’ ‘latex2exp’ ‘rstantools’ ‘tibble’ ‘tidyverse’
‘utils’
All declared Imports should be used.
Flavors: r-devel-linux-x86_64-fedora-clang, r-devel-linux-x86_64-fedora-gcc, r-release-macos-arm64, r-release-macos-x86_64, r-oldrel-macos-arm64, r-oldrel-macos-x86_64