CRAN Package Check Results for Package SourceSet

Last updated on 2022-10-02 08:55:27 CEST.

Flavor Version Tinstall Tcheck Ttotal Status Flags
r-devel-linux-x86_64-debian-clang 0.1.3 3.24 131.20 134.44 NOTE
r-devel-linux-x86_64-debian-gcc 0.1.3 3.34 83.80 87.14 NOTE
r-devel-linux-x86_64-fedora-clang 0.1.3 165.24 NOTE
r-devel-linux-x86_64-fedora-gcc 0.1.3 153.41 NOTE
r-devel-windows-x86_64 0.1.3 17.00 182.00 199.00 NOTE
r-patched-linux-x86_64 0.1.3 4.21 114.53 118.74 NOTE
r-release-linux-x86_64 0.1.3 4.25 111.92 116.17 NOTE
r-release-macos-arm64 0.1.3 50.00 NOTE
r-release-macos-x86_64 0.1.3 95.00 NOTE
r-release-windows-x86_64 0.1.3 15.00 148.00 163.00 NOTE
r-oldrel-macos-arm64 0.1.3 125.00 NOTE
r-oldrel-macos-x86_64 0.1.3 117.00 NOTE
r-oldrel-windows-ix86+x86_64 0.1.3 9.00 120.00 129.00 NOTE

Additional issues

donttest

Check Details

Version: 0.1.3
Check: package dependencies
Result: NOTE
    Package suggested but not available for checking: 'r2cytoscape'
Flavors: r-devel-linux-x86_64-debian-clang, r-devel-linux-x86_64-debian-gcc, r-devel-linux-x86_64-fedora-clang, r-devel-linux-x86_64-fedora-gcc, r-devel-windows-x86_64, r-patched-linux-x86_64, r-release-linux-x86_64, r-release-macos-x86_64, r-release-windows-x86_64, r-oldrel-macos-arm64, r-oldrel-macos-x86_64, r-oldrel-windows-ix86+x86_64

Version: 0.1.3
Check: package dependencies
Result: NOTE
    Packages suggested but not available for checking:
     'r2cytoscape', 'hgu95av2.db'
Flavor: r-release-macos-arm64