Last updated on 2023-03-25 07:59:47 CET.
Flavor | Version | Tinstall | Tcheck | Ttotal | Status | Flags |
---|---|---|---|---|---|---|
r-devel-linux-x86_64-debian-clang | 0.3.9 | 10.89 | 185.33 | 196.22 | NOTE | |
r-devel-linux-x86_64-debian-gcc | 0.3.9 | 8.23 | 133.99 | 142.22 | NOTE | |
r-devel-linux-x86_64-fedora-clang | 0.3.9 | 244.44 | NOTE | |||
r-devel-linux-x86_64-fedora-gcc | 0.3.9 | 244.00 | NOTE | |||
r-devel-windows-x86_64 | 0.3.9 | 31.00 | 215.00 | 246.00 | OK | |
r-patched-linux-x86_64 | 0.3.9 | 9.64 | 172.99 | 182.63 | NOTE | |
r-release-linux-x86_64 | 0.3.9 | 8.47 | 170.14 | 178.61 | NOTE | |
r-release-macos-arm64 | 0.3.9 | 78.00 | NOTE | |||
r-release-macos-x86_64 | 0.3.9 | 101.00 | NOTE | |||
r-release-windows-x86_64 | 0.3.9 | 24.00 | 214.00 | 238.00 | OK | |
r-oldrel-macos-arm64 | 0.3.9 | 72.00 | NOTE | |||
r-oldrel-macos-x86_64 | 0.3.9 | 106.00 | NOTE | |||
r-oldrel-windows-ix86+x86_64 | 0.3.9 | 25.00 | 204.00 | 229.00 | OK |
Version: 0.3.9
Check: Rd cross-references
Result: NOTE
Unknown package ‘InformationValue’ in Rd xrefs
Flavors: r-devel-linux-x86_64-debian-clang, r-devel-linux-x86_64-debian-gcc, r-devel-linux-x86_64-fedora-gcc, r-patched-linux-x86_64, r-release-linux-x86_64
Version: 0.3.9
Check: dependencies in R code
Result: NOTE
Namespace in Imports field not imported from: ‘qpdf’
All declared Imports should be used.
Flavors: r-devel-linux-x86_64-fedora-clang, r-devel-linux-x86_64-fedora-gcc, r-release-macos-arm64, r-release-macos-x86_64, r-oldrel-macos-arm64, r-oldrel-macos-x86_64
Version: 0.3.9
Check: Rd cross-references
Result: NOTE
Undeclared packages ‘InformationValue’, ‘ggthemes’, ‘DataExplorer’ in Rd xrefs
Unknown package ‘InformationValue’ in Rd xrefs
Flavor: r-devel-linux-x86_64-fedora-clang