Last updated on 2023-03-27 08:51:28 CEST.
Flavor | Version | Tinstall | Tcheck | Ttotal | Status | Flags |
---|---|---|---|---|---|---|
r-devel-linux-x86_64-debian-clang | 2.2.3 | 24.75 | 243.68 | 268.43 | OK | |
r-devel-linux-x86_64-debian-gcc | 2.2.3 | 21.17 | 183.61 | 204.78 | OK | |
r-devel-linux-x86_64-fedora-clang | 2.2.3 | 333.57 | NOTE | |||
r-devel-windows-x86_64 | 2.2.3 | 162.00 | 338.00 | 500.00 | OK | |
r-patched-linux-x86_64 | 2.2.3 | 31.46 | 229.28 | 260.74 | OK | |
r-release-linux-x86_64 | 2.2.3 | 18.85 | 222.53 | 241.38 | OK | |
r-release-macos-arm64 | 2.2.3 | 83.00 | OK | |||
r-release-macos-x86_64 | 2.2.3 | 108.00 | OK | |||
r-release-windows-x86_64 | 2.2.3 | 131.00 | 331.00 | 462.00 | OK | |
r-oldrel-macos-arm64 | 2.2.3 | 75.00 | OK | |||
r-oldrel-macos-x86_64 | 2.2.3 | 106.00 | OK | |||
r-oldrel-windows-ix86+x86_64 | 2.2.3 | 69.00 | 339.00 | 408.00 | NOTE |
Version: 2.2.3
Check: Rd cross-references
Result: NOTE
Undeclared package ‘sp’ in Rd xrefs
Flavor: r-devel-linux-x86_64-fedora-clang
Version: 2.2.3
Check: R code for possible problems
Result: NOTE
Initiating curl with CURL_SSL_BACKEND: openssl
Flavor: r-oldrel-windows-ix86+x86_64