CRAN Package Check Results for Package SVDNF

Last updated on 2024-04-14 08:53:37 CEST.

Flavor Version Tinstall Tcheck Ttotal Status Flags
r-devel-linux-x86_64-debian-clang 0.1.8 26.07 47.45 73.52 NOTE
r-devel-linux-x86_64-debian-gcc 0.1.8 15.98 34.36 50.34 NOTE
r-devel-linux-x86_64-fedora-clang 0.1.8 94.00 NOTE
r-devel-linux-x86_64-fedora-gcc 0.1.8 87.68 NOTE
r-devel-windows-x86_64 0.1.8 18.00 71.00 89.00 NOTE
r-patched-linux-x86_64 0.1.8 23.35 46.07 69.42 NOTE
r-release-linux-x86_64 0.1.8 19.15 46.54 65.69 OK
r-release-macos-arm64 0.1.8 28.00 OK
r-release-macos-x86_64 0.1.8 62.00 OK
r-release-windows-x86_64 0.1.8 21.00 86.00 107.00 OK
r-oldrel-macos-arm64 0.1.8 30.00 OK
r-oldrel-windows-x86_64 0.1.8 24.00 85.00 109.00 OK

Check Details

Version: 0.1.8
Check: Rd files
Result: NOTE checkRd: (-1) predict.DNFOptim.Rd:28: Lost braces in \itemize; \value handles \item{}{} directly checkRd: (-1) predict.DNFOptim.Rd:29: Lost braces in \itemize; \value handles \item{}{} directly checkRd: (-1) predict.DNFOptim.Rd:30: Lost braces in \itemize; \value handles \item{}{} directly checkRd: (-1) predict.DNFOptim.Rd:34: Lost braces in \itemize; \value handles \item{}{} directly checkRd: (-1) predict.DNFOptim.Rd:35: Lost braces in \itemize; \value handles \item{}{} directly checkRd: (-1) predict.DNFOptim.Rd:36: Lost braces in \itemize; \value handles \item{}{} directly checkRd: (-1) summary.DNFOptim.Rd:29: Lost braces in \itemize; \value handles \item{}{} directly checkRd: (-1) summary.DNFOptim.Rd:30: Lost braces in \itemize; \value handles \item{}{} directly checkRd: (-1) summary.DNFOptim.Rd:31: Lost braces in \itemize; \value handles \item{}{} directly checkRd: (-1) summary.DNFOptim.Rd:32: Lost braces in \itemize; \value handles \item{}{} directly Flavors: r-devel-linux-x86_64-debian-clang, r-devel-linux-x86_64-debian-gcc, r-devel-linux-x86_64-fedora-clang, r-devel-linux-x86_64-fedora-gcc, r-devel-windows-x86_64, r-patched-linux-x86_64