CRAN Package Check Results for Package SPARSEMODr

Last updated on 2022-11-29 06:51:00 CET.

Flavor Version Tinstall Tcheck Ttotal Status Flags
r-devel-linux-x86_64-debian-clang 1.2.0 29.46 624.90 654.36 OK
r-devel-linux-x86_64-debian-gcc 1.2.0 24.51 505.67 530.18 OK
r-devel-linux-x86_64-fedora-clang 1.2.0 806.38 NOTE
r-devel-linux-x86_64-fedora-gcc 1.2.0 877.24 NOTE
r-devel-windows-x86_64 1.2.0 52.00 656.00 708.00 OK
r-patched-linux-x86_64 1.2.0 32.21 684.07 716.28 OK
r-release-linux-x86_64 1.2.0 19.88 674.70 694.58 OK
r-release-macos-arm64 1.2.0 292.00 NOTE
r-release-macos-x86_64 1.2.0 337.00 NOTE
r-release-windows-x86_64 1.2.0 40.00 766.00 806.00 OK
r-oldrel-macos-arm64 1.2.0 295.00 NOTE
r-oldrel-macos-x86_64 1.2.0 342.00 NOTE
r-oldrel-windows-ix86+x86_64 1.2.0 69.00 900.00 969.00 OK

Check Details

Version: 1.2.0
Check: dependencies in R code
Result: NOTE
    Namespaces in Imports field not imported from:
     ‘future’ ‘geosphere’ ‘lubridate’ ‘tidyverse’ ‘viridis’
     All declared Imports should be used.
Flavors: r-devel-linux-x86_64-fedora-clang, r-devel-linux-x86_64-fedora-gcc, r-release-macos-arm64, r-release-macos-x86_64, r-oldrel-macos-arm64, r-oldrel-macos-x86_64