Last updated on 2023-10-02 20:12:12 CEST.
Flavor | Version | Tinstall | Tcheck | Ttotal | Status | Flags |
---|---|---|---|---|---|---|
r-devel-linux-x86_64-debian-clang | 1.1.2 | 16.22 | 129.88 | 146.10 | OK | |
r-devel-linux-x86_64-debian-gcc | 1.1.2 | 13.70 | 95.86 | 109.56 | OK | |
r-devel-linux-x86_64-fedora-clang | 1.1.2 | 171.02 | NOTE | |||
r-devel-linux-x86_64-fedora-gcc | 1.1.2 | 176.91 | NOTE | |||
r-devel-windows-x86_64 | 1.1.2 | 16.00 | 106.00 | 122.00 | OK | |
r-patched-linux-x86_64 | 1.1.2 | 13.43 | 122.18 | 135.61 | OK | |
r-release-linux-x86_64 | 1.1.2 | 14.23 | 124.11 | 138.34 | OK | |
r-release-macos-arm64 | 1.1.2 | 51.00 | OK | |||
r-release-macos-x86_64 | 1.1.2 | 84.00 | OK | |||
r-release-windows-x86_64 | 1.1.2 | 20.00 | 130.00 | 150.00 | OK | |
r-oldrel-macos-arm64 | 1.1.2 | 45.00 | NOTE | |||
r-oldrel-macos-x86_64 | 1.1.2 | 82.00 | NOTE | |||
r-oldrel-windows-x86_64 | 1.1.2 | 20.00 | 124.00 | 144.00 | OK |
Version: 1.1.2
Check: dependencies in R code
Result: NOTE
Namespace in Imports field not imported from: ‘rlist’
All declared Imports should be used.
Flavors: r-devel-linux-x86_64-fedora-clang, r-devel-linux-x86_64-fedora-gcc, r-oldrel-macos-arm64, r-oldrel-macos-x86_64