CRAN Package Check Results for Package SOMEnv

Last updated on 2022-11-16 08:03:06 CET.

Flavor Version Tinstall Tcheck Ttotal Status Flags
r-devel-linux-x86_64-debian-clang 1.1.2 OK
r-devel-linux-x86_64-debian-gcc 1.1.2 11.22 92.87 104.09 OK
r-devel-linux-x86_64-fedora-clang 1.1.2 178.77 NOTE
r-devel-linux-x86_64-fedora-gcc 1.1.2 184.18 NOTE
r-devel-windows-x86_64 1.1.2 27.00 154.00 181.00 OK
r-patched-linux-x86_64 1.1.2 14.21 117.54 131.75 OK
r-release-linux-x86_64 1.1.2 10.49 118.71 129.20 OK
r-release-macos-arm64 1.1.2 45.00 NOTE
r-release-macos-x86_64 1.1.2 82.00 NOTE
r-release-windows-x86_64 1.1.2 38.00 145.00 183.00 OK
r-oldrel-macos-arm64 1.1.2 43.00 NOTE
r-oldrel-macos-x86_64 1.1.2 59.00 NOTE
r-oldrel-windows-ix86+x86_64 1.1.2 35.00 138.00 173.00 OK

Check Details

Version: 1.1.2
Check: dependencies in R code
Result: NOTE
    Namespace in Imports field not imported from: ‘rlist’
     All declared Imports should be used.
Flavors: r-devel-linux-x86_64-fedora-clang, r-devel-linux-x86_64-fedora-gcc, r-release-macos-arm64, r-release-macos-x86_64, r-oldrel-macos-arm64, r-oldrel-macos-x86_64