CRAN Package Check Results for Package SIRE

Last updated on 2023-09-22 20:52:06 CEST.

Flavor Version Tinstall Tcheck Ttotal Status Flags
r-devel-linux-x86_64-debian-clang 1.1.0 2.60 30.17 32.77 OK
r-devel-linux-x86_64-debian-gcc 1.1.0 2.41 23.65 26.06 OK
r-devel-linux-x86_64-fedora-clang 1.1.0 41.08 NOTE
r-devel-linux-x86_64-fedora-gcc 1.1.0 42.35 NOTE
r-devel-windows-x86_64 1.1.0 5.00 46.00 51.00 OK
r-patched-linux-x86_64 1.1.0 2.39 30.43 32.82 OK
r-release-linux-x86_64 1.1.0 2.02 29.48 31.50 OK
r-release-macos-arm64 1.1.0 19.00 OK
r-release-macos-x86_64 1.1.0 24.00 OK
r-release-windows-x86_64 1.1.0 6.00 47.00 53.00 OK
r-oldrel-macos-arm64 1.1.0 20.00 NOTE
r-oldrel-macos-x86_64 1.1.0 29.00 NOTE
r-oldrel-windows-x86_64 1.1.0 5.00 49.00 54.00 OK

Check Details

Version: 1.1.0
Check: dependencies in R code
Result: NOTE
    Namespaces in Imports field not imported from:
     ‘dplyr’ ‘magrittr’ ‘psych’ ‘stringr’
     All declared Imports should be used.
Flavors: r-devel-linux-x86_64-fedora-clang, r-devel-linux-x86_64-fedora-gcc, r-oldrel-macos-arm64, r-oldrel-macos-x86_64