CRAN Package Check Results for Package RsimMosaic

Last updated on 2024-07-14 20:51:10 CEST.

Flavor Version Tinstall Tcheck Ttotal Status Flags
r-devel-linux-x86_64-debian-clang 1.0.3 2.79 38.04 40.83 OK
r-devel-linux-x86_64-debian-gcc 1.0.3 1.67 27.73 29.40 OK
r-devel-linux-x86_64-fedora-clang 1.0.3 51.19 OK
r-devel-linux-x86_64-fedora-gcc 1.0.3 51.24 OK
r-devel-windows-x86_64 1.0.3 4.00 51.00 55.00 NOTE
r-patched-linux-x86_64 1.0.3 5.05 35.88 40.93 OK
r-release-linux-x86_64 1.0.3 3.02 36.18 39.20 OK
r-release-macos-arm64 1.0.3 19.00 OK
r-release-macos-x86_64 1.0.3 29.00 OK
r-release-windows-x86_64 1.0.3 4.00 53.00 57.00 OK
r-oldrel-macos-arm64 1.0.3 21.00 OK
r-oldrel-macos-x86_64 1.0.3 33.00 OK
r-oldrel-windows-x86_64 1.0.3 5.00 60.00 65.00 OK

Check Details

Version: 1.0.3
Check: Rd cross-references
Result: NOTE Found the following Rd file(s) with Rd \link{} targets missing package anchors: bilinearInterpolator.Rd: interp.surface.grid computeStatisticalQuantitiesTile.Rd: readJPEG getCloseMatch.Rd: nn2 Please provide package anchors for all Rd \link{} targets not in the package itself and the base packages. Flavor: r-devel-windows-x86_64