CRAN Package Check Results for Package Rmst

Last updated on 2023-03-22 19:53:36 CET.

Flavor Version Tinstall Tcheck Ttotal Status Flags
r-devel-linux-x86_64-debian-clang 0.0.3 6.71 54.55 61.26 OK
r-devel-linux-x86_64-debian-gcc 0.0.3 5.54 42.03 47.57 OK
r-devel-linux-x86_64-fedora-clang 0.0.3 78.51 NOTE
r-devel-linux-x86_64-fedora-gcc 0.0.3 76.58 NOTE
r-devel-windows-x86_64 0.0.3 11.00 77.00 88.00 OK
r-patched-linux-x86_64 0.0.3 5.98 53.22 59.20 OK
r-release-linux-x86_64 0.0.3 6.30 52.22 58.52 OK
r-release-macos-arm64 0.0.3 24.00 NOTE
r-release-macos-x86_64 0.0.3 45.00 NOTE
r-release-windows-x86_64 0.0.3 13.00 83.00 96.00 OK
r-oldrel-macos-arm64 0.0.3 25.00 NOTE
r-oldrel-macos-x86_64 0.0.3 35.00 NOTE
r-oldrel-windows-ix86+x86_64 0.0.3 17.00 81.00 98.00 OK

Check Details

Version: 0.0.3
Check: dependencies in R code
Result: NOTE
    Namespace in Imports field not imported from: ‘reshape2’
     All declared Imports should be used.
Flavors: r-devel-linux-x86_64-fedora-clang, r-devel-linux-x86_64-fedora-gcc, r-release-macos-arm64, r-release-macos-x86_64, r-oldrel-macos-arm64, r-oldrel-macos-x86_64