CRAN Package Check Results for Package RepertoiR

Last updated on 2022-08-16 20:53:22 CEST.

Flavor Version Tinstall Tcheck Ttotal Status Flags
r-devel-linux-x86_64-debian-clang 0.0.1 4.40 63.97 68.37 NOTE
r-devel-linux-x86_64-debian-gcc 0.0.1 3.76 47.06 50.82 NOTE
r-devel-linux-x86_64-fedora-clang 0.0.1 89.28 NOTE
r-devel-linux-x86_64-fedora-gcc 0.0.1 87.80 NOTE
r-devel-windows-x86_64 0.0.1 13.00 89.00 102.00 NOTE
r-patched-linux-x86_64 0.0.1 3.88 60.47 64.35 OK
r-release-linux-x86_64 0.0.1 4.44 61.13 65.57 OK
r-release-macos-arm64 0.0.1 26.00 NOTE
r-release-macos-x86_64 0.0.1 36.00 NOTE
r-release-windows-x86_64 0.0.1 16.00 87.00 103.00 OK
r-oldrel-macos-arm64 0.0.1 27.00 NOTE
r-oldrel-macos-x86_64 0.0.1 38.00 NOTE
r-oldrel-windows-ix86+x86_64 0.0.1 12.00 92.00 104.00 OK

Check Details

Version: 0.0.1
Check: package subdirectories
Result: NOTE
    Problems with news in 'NEWS.md':
    No news entries found.
Flavors: r-devel-linux-x86_64-debian-clang, r-devel-linux-x86_64-debian-gcc, r-devel-linux-x86_64-fedora-clang, r-devel-linux-x86_64-fedora-gcc, r-devel-windows-x86_64

Version: 0.0.1
Check: dependencies in R code
Result: NOTE
    Namespace in Imports field not imported from: ‘stringi’
     All declared Imports should be used.
Flavors: r-devel-linux-x86_64-fedora-clang, r-devel-linux-x86_64-fedora-gcc, r-release-macos-arm64, r-release-macos-x86_64, r-oldrel-macos-arm64, r-oldrel-macos-x86_64