CRAN Package Check Results for Package RcppNumerical

Last updated on 2022-10-07 20:52:33 CEST.

Flavor Version Tinstall Tcheck Ttotal Status Flags
r-devel-linux-x86_64-debian-clang 0.4-0 42.73 155.09 197.82 NOTE
r-devel-linux-x86_64-debian-gcc 0.4-0 33.66 123.82 157.48 NOTE
r-devel-linux-x86_64-fedora-clang 0.4-0 245.74 NOTE
r-devel-linux-x86_64-fedora-gcc 0.4-0 255.80 NOTE
r-devel-windows-x86_64 0.4-0 49.00 213.00 262.00 NOTE
r-patched-linux-x86_64 0.4-0 37.74 152.39 190.13 NOTE
r-release-linux-x86_64 0.4-0 35.47 153.89 189.36 NOTE
r-release-macos-arm64 0.4-0 65.00 NOTE
r-release-macos-x86_64 0.4-0 82.00 NOTE
r-release-windows-x86_64 0.4-0 43.00 218.00 261.00 NOTE
r-oldrel-macos-arm64 0.4-0 80.00 NOTE
r-oldrel-macos-x86_64 0.4-0 110.00 NOTE
r-oldrel-windows-ix86+x86_64 0.4-0 100.00 229.00 329.00 NOTE

Check Details

Version: 0.4-0
Check: LazyData
Result: NOTE
     'LazyData' is specified without a 'data' directory
Flavors: r-devel-linux-x86_64-debian-clang, r-devel-linux-x86_64-debian-gcc, r-devel-linux-x86_64-fedora-clang, r-devel-linux-x86_64-fedora-gcc, r-devel-windows-x86_64, r-patched-linux-x86_64, r-release-linux-x86_64, r-release-macos-arm64, r-release-macos-x86_64, r-release-windows-x86_64, r-oldrel-macos-arm64, r-oldrel-macos-x86_64, r-oldrel-windows-ix86+x86_64

Version: 0.4-0
Check: compilation flags used
Result: NOTE
    Compilation used the following non-portable flag(s):
     ‘-Wstrict-prototypes’
Flavor: r-devel-linux-x86_64-debian-gcc

Version: 0.4-0
Check: installed package size
Result: NOTE
     installed size is 5.9Mb
     sub-directories of 1Mb or more:
     libs 5.4Mb
Flavors: r-release-macos-arm64, r-release-macos-x86_64, r-oldrel-macos-arm64, r-oldrel-macos-x86_64