Last updated on 2023-09-24 08:58:27 CEST.
Flavor | Version | Tinstall | Tcheck | Ttotal | Status | Flags |
---|---|---|---|---|---|---|
r-devel-linux-x86_64-debian-clang | 0.7.10 | 28.01 | 204.73 | 232.74 | NOTE | |
r-devel-linux-x86_64-debian-gcc | 0.7.10 | 23.56 | 147.54 | 171.10 | NOTE | |
r-devel-linux-x86_64-fedora-clang | 0.7.10 | 288.32 | NOTE | |||
r-devel-linux-x86_64-fedora-gcc | 0.7.10 | 286.84 | NOTE | |||
r-devel-windows-x86_64 | 0.7.10 | 40.00 | 290.00 | 330.00 | NOTE | |
r-patched-linux-x86_64 | 0.7.10 | 31.26 | 193.24 | 224.50 | NOTE | |
r-release-linux-x86_64 | 0.7.10 | 20.06 | 193.83 | 213.89 | NOTE | |
r-release-macos-arm64 | 0.7.10 | 86.00 | NOTE | |||
r-release-macos-x86_64 | 0.7.10 | 142.00 | NOTE | |||
r-release-windows-x86_64 | 0.7.10 | 31.00 | 196.00 | 227.00 | NOTE | |
r-oldrel-macos-arm64 | 0.7.10 | 127.00 | NOTE | |||
r-oldrel-macos-x86_64 | 0.7.10 | 307.00 | NOTE | |||
r-oldrel-windows-x86_64 | 0.7.10 | 32.00 | 177.00 | 209.00 | NOTE |
Version: 0.7.10
Check: package dependencies
Result: NOTE
Package suggested but not available for checking: ‘ROpenOffice’
Flavors: r-devel-linux-x86_64-debian-clang, r-devel-linux-x86_64-debian-gcc, r-devel-linux-x86_64-fedora-clang, r-devel-linux-x86_64-fedora-gcc, r-devel-windows-x86_64, r-patched-linux-x86_64, r-release-linux-x86_64, r-release-macos-arm64, r-release-macos-x86_64, r-release-windows-x86_64, r-oldrel-macos-arm64, r-oldrel-macos-x86_64, r-oldrel-windows-x86_64