CRAN Package Check Results for Package RadialVisGadgets

Last updated on 2024-02-23 07:52:18 CET.

Flavor Version Tinstall Tcheck Ttotal Status Flags
r-devel-linux-x86_64-debian-clang 0.2.0 NOTE
r-devel-linux-x86_64-debian-gcc 0.2.0 14.23 105.12 119.35 NOTE
r-devel-linux-x86_64-fedora-clang 0.2.0 200.70 NOTE
r-devel-linux-x86_64-fedora-gcc 0.2.0 199.51 NOTE
r-devel-windows-x86_64 0.2.0 15.00 116.00 131.00 NOTE
r-patched-linux-x86_64 0.2.0 12.48 137.15 149.63 NOTE
r-release-linux-x86_64 0.2.0 11.91 137.22 149.13 NOTE
r-release-macos-arm64 0.2.0 64.00 NOTE
r-release-macos-x86_64 0.2.0 105.00 NOTE
r-release-windows-x86_64 0.2.0 19.00 142.00 161.00 NOTE
r-oldrel-macos-arm64 0.2.0 58.00 NOTE
r-oldrel-windows-x86_64 0.2.0 21.00 146.00 167.00 NOTE

Check Details

Version: 0.2.0
Check: LazyData
Result: NOTE 'LazyData' is specified without a 'data' directory Flavors: r-devel-linux-x86_64-debian-clang, r-devel-linux-x86_64-debian-gcc, r-devel-linux-x86_64-fedora-clang, r-devel-linux-x86_64-fedora-gcc, r-devel-windows-x86_64, r-patched-linux-x86_64, r-release-linux-x86_64, r-release-macos-arm64, r-release-macos-x86_64, r-release-windows-x86_64, r-oldrel-macos-arm64, r-oldrel-windows-x86_64