CRAN Package Check Results for Package RadialVisGadgets

Last updated on 2023-04-01 08:55:50 CEST.

Flavor Version Tinstall Tcheck Ttotal Status Flags
r-devel-linux-x86_64-debian-clang 0.2.0 19.44 148.61 168.05 NOTE
r-devel-linux-x86_64-debian-gcc 0.2.0 13.43 107.60 121.03 NOTE
r-devel-linux-x86_64-fedora-clang 0.2.0 197.86 NOTE
r-devel-linux-x86_64-fedora-gcc 0.2.0 216.22 NOTE
r-devel-windows-x86_64 0.2.0 63.00 175.00 238.00 NOTE
r-patched-linux-x86_64 0.2.0 19.71 138.08 157.79 NOTE
r-release-linux-x86_64 0.2.0 11.72 138.96 150.68 NOTE
r-release-macos-arm64 0.2.0 58.00 NOTE
r-release-macos-x86_64 0.2.0 98.00 NOTE
r-release-windows-x86_64 0.2.0 53.00 180.00 233.00 NOTE
r-oldrel-macos-arm64 0.2.0 56.00 NOTE
r-oldrel-macos-x86_64 0.2.0 104.00 NOTE
r-oldrel-windows-ix86+x86_64 0.2.0 40.00 168.00 208.00 NOTE

Check Details

Version: 0.2.0
Check: LazyData
Result: NOTE
     'LazyData' is specified without a 'data' directory
Flavors: r-devel-linux-x86_64-debian-clang, r-devel-linux-x86_64-debian-gcc, r-devel-linux-x86_64-fedora-clang, r-devel-linux-x86_64-fedora-gcc, r-devel-windows-x86_64, r-patched-linux-x86_64, r-release-linux-x86_64, r-release-macos-arm64, r-release-macos-x86_64, r-release-windows-x86_64, r-oldrel-macos-arm64, r-oldrel-macos-x86_64, r-oldrel-windows-ix86+x86_64