CRAN Package Check Results for Package RaceID

Last updated on 2022-12-03 19:52:59 CET.

Flavor Version Tinstall Tcheck Ttotal Status Flags
r-devel-linux-x86_64-debian-clang 0.2.8 49.75 401.73 451.48 OK
r-devel-linux-x86_64-debian-gcc 0.2.8 42.52 287.10 329.62 OK
r-devel-linux-x86_64-fedora-clang 0.2.8 584.51 NOTE
r-devel-linux-x86_64-fedora-gcc 0.2.8 572.39 OK
r-devel-windows-x86_64 0.2.8 83.00 936.00 1019.00 NOTE
r-patched-linux-x86_64 0.2.8 36.90 375.76 412.66 OK
r-release-linux-x86_64 0.2.8 42.84 385.08 427.92 OK
r-release-macos-arm64 0.2.8 229.00 NOTE
r-release-macos-x86_64 0.2.8 250.00 NOTE
r-release-windows-x86_64 0.2.8 93.00 620.00 713.00 NOTE
r-oldrel-macos-arm64 0.2.8 210.00 NOTE
r-oldrel-macos-x86_64 0.2.8 247.00 NOTE
r-oldrel-windows-ix86+x86_64 0.2.8 118.00 776.00 894.00 NOTE

Check Details

Version: 0.2.8
Check: package dependencies
Result: NOTE
    Imports includes 25 non-default packages.
    Importing from so many packages makes the package vulnerable to any of
    them becoming unavailable. Move as many as possible to Suggests and
    use conditionally.
Flavor: r-devel-linux-x86_64-fedora-clang

Version: 0.2.8
Check: installed package size
Result: NOTE
     installed size is 9.7Mb
     sub-directories of 1Mb or more:
     data 2.1Mb
     doc 6.6Mb
Flavors: r-devel-linux-x86_64-fedora-clang, r-devel-windows-x86_64, r-release-macos-arm64, r-release-macos-x86_64, r-release-windows-x86_64, r-oldrel-macos-arm64, r-oldrel-macos-x86_64, r-oldrel-windows-ix86+x86_64

Version: 0.2.8
Check: package dependencies
Result: NOTE
    Package suggested but not available for checking: ‘slingshot’
Flavors: r-release-macos-arm64, r-release-macos-x86_64, r-oldrel-macos-arm64, r-oldrel-macos-x86_64