CRAN Package Check Results for Package RVenn

Last updated on 2023-03-28 08:55:01 CEST.

Flavor Version Tinstall Tcheck Ttotal Status Flags
r-devel-linux-x86_64-debian-clang 1.1.0 5.38 58.29 63.67 NOTE
r-devel-linux-x86_64-debian-gcc 1.1.0 3.41 44.22 47.63 NOTE
r-devel-linux-x86_64-fedora-clang 1.1.0 78.88 NOTE
r-devel-linux-x86_64-fedora-gcc 1.1.0 91.78 NOTE
r-devel-windows-x86_64 1.1.0 19.00 88.00 107.00 NOTE
r-patched-linux-x86_64 1.1.0 5.16 54.21 59.37 NOTE
r-release-linux-x86_64 1.1.0 3.70 58.32 62.02 NOTE
r-release-macos-arm64 1.1.0 27.00 NOTE
r-release-macos-x86_64 1.1.0 58.00 NOTE
r-release-windows-x86_64 1.1.0 21.00 93.00 114.00 NOTE
r-oldrel-macos-arm64 1.1.0 36.00 NOTE
r-oldrel-macos-x86_64 1.1.0 46.00 NOTE
r-oldrel-windows-ix86+x86_64 1.1.0 11.00 83.00 94.00 NOTE

Check Details

Version: 1.1.0
Check: LazyData
Result: NOTE
     'LazyData' is specified without a 'data' directory
Flavors: r-devel-linux-x86_64-debian-clang, r-devel-linux-x86_64-debian-gcc, r-devel-linux-x86_64-fedora-clang, r-devel-linux-x86_64-fedora-gcc, r-devel-windows-x86_64, r-patched-linux-x86_64, r-release-linux-x86_64, r-release-macos-arm64, r-release-macos-x86_64, r-release-windows-x86_64, r-oldrel-macos-arm64, r-oldrel-macos-x86_64, r-oldrel-windows-ix86+x86_64