CRAN Package Check Results for Package RSqlParser

Last updated on 2024-06-22 08:52:13 CEST.

Flavor Version Tinstall Tcheck Ttotal Status Flags
r-devel-linux-x86_64-debian-clang 1.5 2.57 29.24 31.81 NOTE
r-devel-linux-x86_64-debian-gcc 1.5 1.83 23.23 25.06 NOTE
r-devel-linux-x86_64-fedora-clang 1.5 41.65 NOTE
r-devel-linux-x86_64-fedora-gcc 1.5 50.82 NOTE
r-devel-windows-x86_64 1.5 3.00 50.00 53.00 NOTE
r-patched-linux-x86_64 1.5 2.22 28.78 31.00 NOTE
r-release-linux-x86_64 1.5 2.14 28.68 30.82 NOTE
r-release-macos-arm64 1.5 23.00 NOTE
r-release-macos-x86_64 1.5 37.00 NOTE
r-release-windows-x86_64 1.5 3.00 52.00 55.00 NOTE
r-oldrel-macos-arm64 1.5 24.00 NOTE
r-oldrel-macos-x86_64 1.5 34.00 NOTE
r-oldrel-windows-x86_64 1.5 4.00 48.00 52.00 NOTE

Check Details

Version: 1.5
Check: LazyData
Result: NOTE 'LazyData' is specified without a 'data' directory Flavors: r-devel-linux-x86_64-debian-clang, r-devel-linux-x86_64-debian-gcc, r-devel-linux-x86_64-fedora-clang, r-devel-linux-x86_64-fedora-gcc, r-devel-windows-x86_64, r-patched-linux-x86_64, r-release-linux-x86_64, r-release-macos-arm64, r-release-macos-x86_64, r-release-windows-x86_64, r-oldrel-macos-arm64, r-oldrel-macos-x86_64, r-oldrel-windows-x86_64