Last updated on 2023-05-30 09:00:46 CEST.
Flavor | Version | Tinstall | Tcheck | Ttotal | Status | Flags |
---|---|---|---|---|---|---|
r-devel-linux-x86_64-debian-clang | 2.3.1 | 167.04 | 81.22 | 248.26 | OK | |
r-devel-linux-x86_64-debian-gcc | 2.3.1 | 159.82 | 61.79 | 221.61 | OK | |
r-devel-linux-x86_64-fedora-clang | 2.3.1 | 351.78 | OK | |||
r-devel-linux-x86_64-fedora-gcc | 2.3.1 | 444.30 | OK | |||
r-devel-windows-x86_64 | 2.3.1 | 169.00 | 113.00 | 282.00 | OK | |
r-patched-linux-x86_64 | 2.3.1 | 167.96 | 76.87 | 244.83 | OK | |
r-release-linux-x86_64 | 2.3.1 | 162.10 | 77.80 | 239.90 | OK | |
r-release-macos-arm64 | 2.3.1 | 110.00 | NOTE | |||
r-release-macos-x86_64 | 2.3.1 | 178.00 | NOTE | |||
r-release-windows-x86_64 | 2.3.1 | 218.00 | 137.00 | 355.00 | OK | |
r-oldrel-macos-arm64 | 2.3.1 | 107.00 | NOTE | |||
r-oldrel-macos-x86_64 | 2.3.1 | 134.00 | NOTE | |||
r-oldrel-windows-x86_64 | 2.3.1 | 201.00 | 125.00 | 326.00 | OK |
Version: 2.3.1
Check: installed package size
Result: NOTE
installed size is 12.1Mb
sub-directories of 1Mb or more:
libs 11.4Mb
Flavors: r-release-macos-arm64, r-release-macos-x86_64, r-oldrel-macos-arm64, r-oldrel-macos-x86_64