CRAN Package Check Results for Package RPostgres

Last updated on 2022-10-04 08:53:58 CEST.

Flavor Version Tinstall Tcheck Ttotal Status Flags
r-devel-linux-x86_64-debian-clang 1.4.4 165.78 67.45 233.23 OK
r-devel-linux-x86_64-debian-gcc 1.4.4 127.45 51.19 178.64 OK
r-devel-linux-x86_64-fedora-clang 1.4.4 373.95 OK
r-devel-linux-x86_64-fedora-gcc 1.4.4 306.81 OK
r-devel-windows-x86_64 1.4.4 1075.00 360.00 1435.00 OK
r-patched-linux-x86_64 1.4.4 139.57 63.61 203.18 OK
r-release-linux-x86_64 1.4.4 141.23 63.25 204.48 OK
r-release-macos-arm64 1.4.4 91.00 NOTE
r-release-macos-x86_64 1.4.4 132.00 NOTE
r-release-windows-x86_64 1.4.4 1501.00 358.00 1859.00 OK
r-oldrel-macos-arm64 1.4.4 90.00 NOTE
r-oldrel-macos-x86_64 1.4.4 110.00 NOTE
r-oldrel-windows-ix86+x86_64 1.4.4 791.00 205.00 996.00 NOTE

Check Details

Version: 1.4.4
Check: installed package size
Result: NOTE
     installed size is 7.2Mb
     sub-directories of 1Mb or more:
     libs 6.7Mb
Flavors: r-release-macos-arm64, r-release-macos-x86_64, r-oldrel-macos-arm64, r-oldrel-macos-x86_64, r-oldrel-windows-ix86+x86_64