CRAN Package Check Results for Package RODBC

Last updated on 2024-04-20 20:00:20 CEST.

Flavor Version Tinstall Tcheck Ttotal Status Flags
r-devel-linux-x86_64-debian-clang 1.3-23 7.56 43.47 51.03 OK
r-devel-linux-x86_64-debian-gcc 1.3-23 6.13 32.57 38.70 OK
r-devel-linux-x86_64-fedora-clang 1.3-23 64.87 OK
r-devel-linux-x86_64-fedora-gcc 1.3-23 74.75 OK
r-prerel-macos-arm64 1.3-23 33.00 OK
r-prerel-windows-x86_64 1.3-23 15.00 66.00 81.00 WARN
r-patched-linux-x86_64 1.3-23 7.37 41.95 49.32 OK
r-release-linux-x86_64 1.3-23 6.13 41.23 47.36 OK
r-release-macos-arm64 1.3-23 62.00 OK
r-release-macos-x86_64 1.3-23 140.00 OK
r-release-windows-x86_64 1.3-23 20.00 69.00 89.00 OK
r-oldrel-macos-arm64 1.3-23 48.00 OK
r-oldrel-windows-x86_64 1.3-23 10.00 86.00 96.00 OK

Check Details

Version: 1.3-23
Check: whether package can be installed
Result: WARN Found the following significant warnings: RODBC.c:294:31: warning: format '%d' expects argument of type 'int', but argument 3 has type 'SQLINTEGER' {aka 'long int'} [-Wformat=] RODBC.c:1078:59: warning: format '%lu' expects argument of type 'long unsigned int', but argument 4 has type 'SQLULEN' {aka 'long long unsigned int'} [-Wformat=] See 'd:/Rcompile/CRANpkg/local/4.4/RODBC.Rcheck/00install.out' for details. * used C compiler: 'gcc.exe (GCC) 13.2.0' Flavor: r-prerel-windows-x86_64