Last updated on 2023-04-01 08:55:52 CEST.
Flavor | Version | Tinstall | Tcheck | Ttotal | Status | Flags |
---|---|---|---|---|---|---|
r-devel-linux-x86_64-debian-clang | 0.2.10 | 50.04 | 60.33 | 110.37 | NOTE | |
r-devel-linux-x86_64-debian-gcc | 0.2.10 | 38.38 | 44.64 | 83.02 | NOTE | |
r-devel-linux-x86_64-fedora-clang | 0.2.10 | 149.32 | NOTE | |||
r-devel-linux-x86_64-fedora-gcc | 0.2.10 | 153.66 | NOTE | |||
r-devel-windows-x86_64 | 0.2.10 | 71.00 | 0.00 | 71.00 | NOTE | |
r-patched-linux-x86_64 | 0.2.10 | 29.33 | 56.34 | 85.67 | NOTE | |
r-release-linux-x86_64 | 0.2.10 | 31.28 | 56.80 | 88.08 | OK | |
r-release-macos-arm64 | 0.2.10 | 39.00 | OK | |||
r-release-macos-x86_64 | 0.2.10 | 70.00 | OK | |||
r-release-windows-x86_64 | 0.2.10 | 49.00 | 128.00 | 177.00 | OK | |
r-oldrel-macos-arm64 | 0.2.10 | 34.00 | OK | |||
r-oldrel-macos-x86_64 | 0.2.10 | 53.00 | OK | |||
r-oldrel-windows-ix86+x86_64 | 0.2.10 | 116.00 | 124.00 | 240.00 | OK |
Version: 0.2.10
Check: C++ specification
Result: NOTE
Specified C++11: please drop specification unless essential
Flavors: r-devel-linux-x86_64-debian-clang, r-devel-linux-x86_64-debian-gcc, r-devel-linux-x86_64-fedora-clang, r-devel-linux-x86_64-fedora-gcc, r-devel-windows-x86_64, r-patched-linux-x86_64