CRAN Package Check Results for Package RKEELjars

Last updated on 2022-08-16 08:54:29 CEST.

Flavor Version Tinstall Tcheck Ttotal Status Flags
r-devel-linux-x86_64-debian-clang 1.0.20 3.01 22.34 25.35 OK
r-devel-linux-x86_64-debian-gcc 1.0.20 2.19 17.59 19.78 OK
r-devel-linux-x86_64-fedora-clang 1.0.20 42.40 NOTE
r-devel-linux-x86_64-fedora-gcc 1.0.20 42.24 OK
r-devel-windows-x86_64 1.0.20 47.00 6.00 53.00 ERROR
r-patched-linux-x86_64 1.0.20 2.62 21.93 24.55 OK
r-release-linux-x86_64 1.0.20 2.78 21.72 24.50 OK
r-release-macos-arm64 1.0.20 20.00 NOTE
r-release-macos-x86_64 1.0.20 27.00 NOTE
r-release-windows-x86_64 1.0.20 39.00 49.00 88.00 NOTE
r-oldrel-macos-arm64 1.0.20 26.00 NOTE
r-oldrel-macos-x86_64 1.0.20 24.00 NOTE
r-oldrel-windows-ix86+x86_64 1.0.20 11.00 46.00 57.00 NOTE

Check Details

Version: 1.0.20
Check: installed package size
Result: NOTE
     installed size is 23.9Mb
     sub-directories of 1Mb or more:
     exe 23.8Mb
Flavors: r-devel-linux-x86_64-fedora-clang, r-release-macos-arm64, r-release-macos-x86_64, r-release-windows-x86_64, r-oldrel-macos-arm64, r-oldrel-macos-x86_64, r-oldrel-windows-ix86+x86_64

Version: 1.0.20
Check: whether package can be installed
Result: ERROR
    Installation failed.
Flavor: r-devel-windows-x86_64