CRAN Package Check Results for Package RGreenplum

Last updated on 2022-12-07 19:53:10 CET.

Flavor Version Tinstall Tcheck Ttotal Status Flags
r-devel-linux-x86_64-debian-clang 0.1.2 6.90 47.09 53.99 NOTE
r-devel-linux-x86_64-debian-gcc 0.1.2 5.23 35.71 40.94 NOTE
r-devel-linux-x86_64-fedora-clang 0.1.2 76.76 NOTE
r-devel-linux-x86_64-fedora-gcc 0.1.2 73.54 NOTE
r-devel-windows-x86_64 0.1.2 20.00 73.00 93.00 NOTE
r-patched-linux-x86_64 0.1.2 5.31 44.71 50.02 NOTE
r-release-linux-x86_64 0.1.2 6.73 43.76 50.49 NOTE
r-release-macos-arm64 0.1.2 21.00 NOTE
r-release-macos-x86_64 0.1.2 33.00 NOTE
r-release-windows-x86_64 0.1.2 16.00 72.00 88.00 NOTE
r-oldrel-macos-arm64 0.1.2 27.00 NOTE
r-oldrel-macos-x86_64 0.1.2 39.00 NOTE
r-oldrel-windows-ix86+x86_64 0.1.2 16.00 71.00 87.00 NOTE

Check Details

Version: 0.1.2
Check: LazyData
Result: NOTE
     'LazyData' is specified without a 'data' directory
Flavors: r-devel-linux-x86_64-debian-clang, r-devel-linux-x86_64-debian-gcc, r-devel-linux-x86_64-fedora-clang, r-devel-linux-x86_64-fedora-gcc, r-devel-windows-x86_64, r-patched-linux-x86_64, r-release-linux-x86_64, r-release-macos-arm64, r-release-macos-x86_64, r-release-windows-x86_64, r-oldrel-macos-arm64, r-oldrel-macos-x86_64, r-oldrel-windows-ix86+x86_64