Last updated on 2022-08-10 08:52:43 CEST.
Flavor | Version | Tinstall | Tcheck | Ttotal | Status | Flags |
---|---|---|---|---|---|---|
r-devel-linux-x86_64-debian-clang | 2.4.5 | 35.53 | 334.70 | 370.23 | NOTE | |
r-devel-linux-x86_64-debian-gcc | 2.4.5 | 28.87 | 246.56 | 275.43 | NOTE | |
r-devel-linux-x86_64-fedora-clang | 2.4.5 | 453.45 | NOTE | |||
r-devel-linux-x86_64-fedora-gcc | 2.4.5 | 463.57 | NOTE | |||
r-devel-windows-x86_64 | 2.4.5 | 56.00 | 425.00 | 481.00 | NOTE | |
r-patched-linux-x86_64 | 2.4.5 | 30.57 | 317.41 | 347.98 | OK | |
r-release-linux-x86_64 | 2.4.5 | OK | ||||
r-release-macos-arm64 | 2.4.5 | 116.00 | OK | |||
r-release-macos-x86_64 | 2.4.5 | 162.00 | OK | |||
r-release-windows-x86_64 | 2.4.5 | 72.00 | 407.00 | 479.00 | OK | |
r-oldrel-macos-arm64 | 2.4.5 | 92.00 | OK | |||
r-oldrel-macos-x86_64 | 2.4.5 | 157.00 | OK | |||
r-oldrel-windows-ix86+x86_64 | 2.4.5 | 86.00 | 718.00 | 804.00 | OK |
Version: 2.4.5
Check: package subdirectories
Result: NOTE
Problems with news in 'NEWS.md':
Cannot extract version info from the following section titles:
DEPRECATED AND DEFUNCT
Flavors: r-devel-linux-x86_64-debian-clang, r-devel-linux-x86_64-debian-gcc, r-devel-linux-x86_64-fedora-clang, r-devel-linux-x86_64-fedora-gcc, r-devel-windows-x86_64
Version: 2.4.5
Check: HTML version of manual
Result: NOTE
Found the following HTML validation problems:
copulaCorrection.html:85:1: Warning: inserting implicit <p>
copulaCorrection.html:96:1: Warning: inserting implicit <p>
copulaCorrection.html:85:1: Warning: trimming empty <p>
copulaCorrection.html:96:1: Warning: trimming empty <p>
hetErrorsIV.html:66:1: Warning: inserting implicit <p>
hetErrorsIV.html:66:1: Warning: trimming empty <p>
higherMomentsIV.html:62:1: Warning: inserting implicit <p>
higherMomentsIV.html:62:1: Warning: trimming empty <p>
latentIV.html:75:1: Warning: inserting implicit <p>
latentIV.html:92:1: Warning: inserting implicit <p>
latentIV.html:75:1: Warning: trimming empty <p>
latentIV.html:92:1: Warning: trimming empty <p>
Flavors: r-devel-linux-x86_64-debian-clang, r-devel-linux-x86_64-debian-gcc