CRAN Package Check Results for Package RCytoGPS

Last updated on 2022-08-13 08:53:41 CEST.

Flavor Version Tinstall Tcheck Ttotal Status Flags
r-devel-linux-x86_64-debian-clang 1.2.1 3.52 115.01 118.53 OK
r-devel-linux-x86_64-debian-gcc 1.2.1 2.19 82.78 84.97 OK
r-devel-linux-x86_64-fedora-clang 1.2.1 148.53 OK
r-devel-linux-x86_64-fedora-gcc 1.2.1 152.42 OK
r-devel-windows-x86_64 1.2.1 25.00 207.00 232.00 OK
r-patched-linux-x86_64 1.2.1 2.99 110.66 113.65 OK
r-release-linux-x86_64 1.2.1 2.23 109.08 111.31 OK
r-release-macos-arm64 1.2.1 53.00 NOTE
r-release-macos-x86_64 1.2.1 74.00 OK
r-release-windows-x86_64 1.2.1 19.00 209.00 228.00 OK
r-oldrel-macos-arm64 1.2.1 56.00 OK
r-oldrel-macos-x86_64 1.2.1 68.00 OK
r-oldrel-windows-ix86+x86_64 1.2.1 9.00 171.00 180.00 OK

Check Details

Version: 1.2.1
Check: package dependencies
Result: NOTE
    Package suggested but not available for checking: ‘Mercator’
Flavor: r-release-macos-arm64

Version: 1.2.1
Check: Rd cross-references
Result: NOTE
    Package unavailable to check Rd xrefs: ‘Mercator’
Flavor: r-release-macos-arm64