CRAN Package Check Results for Package RBaseX

Last updated on 2022-08-09 20:53:58 CEST.

Flavor Version Tinstall Tcheck Ttotal Status Flags
r-devel-linux-x86_64-debian-clang 1.1.1 10.20 65.55 75.75 OK
r-devel-linux-x86_64-debian-gcc 1.1.1 8.13 48.81 56.94 OK
r-devel-linux-x86_64-fedora-clang 1.1.1 116.33 NOTE
r-devel-linux-x86_64-fedora-gcc 1.1.1 102.97 NOTE
r-devel-windows-x86_64 1.1.1 23.00 113.00 136.00 OK
r-patched-linux-x86_64 1.1.1 11.52 60.95 72.47 OK
r-release-linux-x86_64 1.1.1 OK
r-release-macos-arm64 1.1.1 27.00 NOTE
r-release-macos-x86_64 1.1.1 52.00 NOTE
r-release-windows-x86_64 1.1.1 23.00 108.00 131.00 OK
r-oldrel-macos-arm64 1.1.1 23.00 NOTE
r-oldrel-macos-x86_64 1.1.1 38.00 NOTE
r-oldrel-windows-ix86+x86_64 1.1.1 21.00 117.00 138.00 OK

Check Details

Version: 1.1.1
Check: dependencies in R code
Result: NOTE
    Namespace in Imports field not imported from: ‘rex’
     All declared Imports should be used.
Flavors: r-devel-linux-x86_64-fedora-clang, r-devel-linux-x86_64-fedora-gcc, r-release-macos-arm64, r-release-macos-x86_64, r-oldrel-macos-arm64, r-oldrel-macos-x86_64