CRAN Package Check Results for Package R2WinBUGS

Last updated on 2022-08-17 20:54:51 CEST.

Flavor Version Tinstall Tcheck Ttotal Status Flags
r-devel-linux-x86_64-debian-clang 2.1-21 3.73 49.59 53.32 NOTE
r-devel-linux-x86_64-debian-gcc 2.1-21 NOTE
r-devel-linux-x86_64-fedora-clang 2.1-21 77.94 OK
r-devel-linux-x86_64-fedora-gcc 2.1-21 80.28 OK
r-devel-windows-x86_64 2.1-21 28.00 97.00 125.00 NOTE
r-patched-linux-x86_64 2.1-21 4.70 47.14 51.84 NOTE
r-release-linux-x86_64 2.1-21 5.09 47.64 52.73 NOTE
r-release-macos-arm64 2.1-21 31.00 NOTE
r-release-macos-x86_64 2.1-21 39.00 NOTE
r-release-windows-x86_64 2.1-21 20.00 104.00 124.00 NOTE
r-oldrel-macos-arm64 2.1-21 44.00 NOTE
r-oldrel-macos-x86_64 2.1-21 59.00 NOTE
r-oldrel-windows-ix86+x86_64 2.1-21 9.00 73.00 82.00 OK

Check Details

Version: 2.1-21
Check: R code for possible problems
Result: NOTE
    Found the following calls to attach():
    File 'R2WinBUGS/R/attach.all.R':
     attach(x, name = name)
    See section 'Good practice' in '?attach'.
Flavors: r-devel-linux-x86_64-debian-clang, r-devel-linux-x86_64-debian-gcc, r-patched-linux-x86_64, r-release-linux-x86_64

Version: 2.1-21
Check: package dependencies
Result: NOTE
    Package suggested but not available for checking: 'BRugs'
Flavors: r-devel-windows-x86_64, r-release-macos-arm64, r-release-macos-x86_64, r-release-windows-x86_64, r-oldrel-macos-arm64, r-oldrel-macos-x86_64

Version: 2.1-21
Check: Rd cross-references
Result: NOTE
    Package unavailable to check Rd xrefs: ‘BRugs’
Flavors: r-release-macos-arm64, r-release-macos-x86_64, r-oldrel-macos-arm64, r-oldrel-macos-x86_64