Last updated on 2023-03-25 07:59:42 CET.
Flavor | Version | Tinstall | Tcheck | Ttotal | Status | Flags |
---|---|---|---|---|---|---|
r-devel-linux-x86_64-debian-clang | 0.1.3 | 6.00 | 55.48 | 61.48 | NOTE | |
r-devel-linux-x86_64-debian-gcc | 0.1.3 | 5.29 | 47.35 | 52.64 | NOTE | |
r-devel-linux-x86_64-fedora-clang | 0.1.3 | 94.74 | NOTE | |||
r-devel-linux-x86_64-fedora-gcc | 0.1.3 | 98.13 | NOTE | |||
r-devel-windows-x86_64 | 0.1.3 | 33.00 | 90.00 | 123.00 | OK | |
r-patched-linux-x86_64 | 0.1.3 | 5.21 | 59.77 | 64.98 | NOTE | |
r-release-linux-x86_64 | 0.1.3 | 4.65 | 59.72 | 64.37 | NOTE | |
r-release-macos-arm64 | 0.1.3 | 28.00 | OK | |||
r-release-macos-x86_64 | 0.1.3 | 39.00 | OK | |||
r-release-windows-x86_64 | 0.1.3 | 31.00 | 94.00 | 125.00 | OK | |
r-oldrel-macos-arm64 | 0.1.3 | 27.00 | OK | |||
r-oldrel-macos-x86_64 | 0.1.3 | 38.00 | OK | |||
r-oldrel-windows-ix86+x86_64 | 0.1.3 | 11.00 | 97.00 | 108.00 | NOTE |
Version: 0.1.3
Check: package dependencies
Result: NOTE
Packages suggested but not available for checking: 'biomaRt', 'gdalUtils'
Flavor: r-devel-linux-x86_64-debian-clang
Version: 0.1.3
Check: package dependencies
Result: NOTE
Package suggested but not available for checking: ‘gdalUtils’
Flavors: r-devel-linux-x86_64-debian-gcc, r-devel-linux-x86_64-fedora-clang, r-devel-linux-x86_64-fedora-gcc, r-patched-linux-x86_64, r-release-linux-x86_64
Version: 0.1.3
Check: dependencies in R code
Result: NOTE
Initiating curl with CURL_SSL_BACKEND: openssl
Flavor: r-oldrel-windows-ix86+x86_64