Last updated on 2023-10-02 20:12:08 CEST.
Flavor | Version | Tinstall | Tcheck | Ttotal | Status | Flags |
---|---|---|---|---|---|---|
r-devel-linux-x86_64-debian-clang | 1.1 | 39.12 | 356.40 | 395.52 | OK | |
r-devel-linux-x86_64-debian-gcc | 1.1 | 37.65 | 253.90 | 291.55 | OK | |
r-devel-linux-x86_64-fedora-clang | 1.1 | 439.45 | NOTE | |||
r-devel-linux-x86_64-fedora-gcc | 1.1 | 476.54 | OK | |||
r-devel-windows-x86_64 | 1.1 | 38.00 | 251.00 | 289.00 | NOTE | |
r-patched-linux-x86_64 | 1.1 | 50.51 | 336.17 | 386.68 | OK | |
r-release-linux-x86_64 | 1.1 | 37.30 | 342.18 | 379.48 | OK | |
r-release-macos-arm64 | 1.1 | 123.00 | NOTE | |||
r-release-macos-x86_64 | 1.1 | 171.00 | NOTE | |||
r-release-windows-x86_64 | 1.1 | 49.00 | 327.00 | 376.00 | NOTE | |
r-oldrel-macos-arm64 | 1.1 | 132.00 | NOTE | |||
r-oldrel-macos-x86_64 | 1.1 | 197.00 | NOTE | |||
r-oldrel-windows-x86_64 | 1.1 | 51.00 | 310.00 | 361.00 | NOTE |
Version: 1.1
Check: installed package size
Result: NOTE
installed size is 7.2Mb
sub-directories of 1Mb or more:
doc 3.7Mb
shiny_app 1.4Mb
Flavors: r-devel-linux-x86_64-fedora-clang, r-devel-windows-x86_64, r-release-macos-arm64, r-release-macos-x86_64, r-release-windows-x86_64, r-oldrel-macos-arm64, r-oldrel-macos-x86_64, r-oldrel-windows-x86_64