CRAN Package Check Results for Package PrevMap

Last updated on 2022-11-28 06:50:19 CET.

Flavor Version Tinstall Tcheck Ttotal Status Flags
r-devel-linux-x86_64-debian-clang 1.5.4 47.57 402.77 450.34 NOTE
r-devel-linux-x86_64-debian-gcc 1.5.4 43.90 295.64 339.54 NOTE
r-devel-linux-x86_64-fedora-clang 1.5.4 571.10 OK
r-devel-linux-x86_64-fedora-gcc 1.5.4 562.45 OK
r-devel-windows-x86_64 1.5.4 71.00 368.00 439.00 NOTE
r-patched-linux-x86_64 1.5.4 61.02 383.33 444.35 NOTE
r-release-linux-x86_64 1.5.4 55.03 392.53 447.56 NOTE
r-release-macos-arm64 1.5.4 100.00 NOTE
r-release-macos-x86_64 1.5.4 185.00 NOTE
r-release-windows-x86_64 1.5.4 69.00 369.00 438.00 NOTE
r-oldrel-macos-arm64 1.5.4 109.00 NOTE
r-oldrel-macos-x86_64 1.5.4 95.00 NOTE
r-oldrel-windows-ix86+x86_64 1.5.4 104.00 383.00 487.00 OK

Check Details

Version: 1.5.4
Check: package dependencies
Result: NOTE
    Package suggested but not available for checking: 'INLA'
Flavors: r-devel-linux-x86_64-debian-clang, r-devel-linux-x86_64-debian-gcc, r-devel-windows-x86_64, r-patched-linux-x86_64, r-release-linux-x86_64, r-release-macos-arm64, r-release-macos-x86_64, r-release-windows-x86_64, r-oldrel-macos-arm64, r-oldrel-macos-x86_64