CRAN Package Check Results for Package PosteriorBootstrap

Last updated on 2022-11-16 08:03:00 CET.

Flavor Version Tinstall Tcheck Ttotal Status Flags
r-devel-linux-x86_64-debian-clang 0.1.1 OK
r-devel-linux-x86_64-debian-gcc 0.1.1 2.63 349.34 351.97 OK
r-devel-linux-x86_64-fedora-clang 0.1.1 586.58 NOTE
r-devel-linux-x86_64-fedora-gcc 0.1.1 571.30 NOTE
r-devel-windows-x86_64 0.1.1 22.00 65.00 87.00 OK
r-patched-linux-x86_64 0.1.1 4.84 458.10 462.94 OK
r-release-linux-x86_64 0.1.1 4.36 457.09 461.45 OK
r-release-macos-arm64 0.1.1 227.00 NOTE
r-release-macos-x86_64 0.1.1 381.00 NOTE
r-release-windows-x86_64 0.1.1 35.00 69.00 104.00 OK
r-oldrel-macos-arm64 0.1.1 270.00 NOTE
r-oldrel-macos-x86_64 0.1.1 320.00 NOTE
r-oldrel-windows-ix86+x86_64 0.1.1 11.00 68.00 79.00 OK

Check Details

Version: 0.1.1
Check: dependencies in R code
Result: NOTE
    Namespaces in Imports field not imported from:
     ‘Rcpp’ ‘StanHeaders’ ‘dplyr’ ‘ggplot2’ ‘gridExtra’ ‘rstan’ ‘tibble’
     All declared Imports should be used.
Flavors: r-devel-linux-x86_64-fedora-clang, r-devel-linux-x86_64-fedora-gcc, r-release-macos-arm64, r-release-macos-x86_64, r-oldrel-macos-arm64, r-oldrel-macos-x86_64