CRAN Package Check Results for Package PSAboot

Last updated on 2023-09-23 08:11:04 CEST.

Flavor Version Tinstall Tcheck Ttotal Status Flags
r-devel-linux-x86_64-debian-clang 1.3.6 17.41 182.62 200.03 ERROR
r-devel-linux-x86_64-debian-gcc 1.3.6 15.79 156.23 172.02 ERROR
r-devel-linux-x86_64-fedora-clang 1.3.6 246.25 ERROR
r-devel-linux-x86_64-fedora-gcc 1.3.6 233.67 ERROR
r-devel-windows-x86_64 1.3.6 17.00 147.00 164.00 ERROR
r-patched-linux-x86_64 1.3.6 20.87 224.02 244.89 OK
r-release-linux-x86_64 1.3.6 12.10 225.39 237.49 OK
r-release-macos-arm64 1.3.6 80.00 OK
r-release-macos-x86_64 1.3.6 153.00 OK
r-release-windows-x86_64 1.3.6 21.00 220.00 241.00 OK
r-oldrel-macos-arm64 1.3.6 64.00 OK
r-oldrel-macos-x86_64 1.3.6 113.00 OK
r-oldrel-windows-x86_64 1.3.6 23.00 223.00 246.00 OK

Check Details

Version: 1.3.6
Check: re-building of vignette outputs
Result: ERROR
    Error(s) in re-building vignettes:
     ...
    --- re-building ‘MatchingOrder.Rmd’ using rmarkdown
    
    Quitting from lines 126-127 [lalonde-boxplot] (MatchingOrder.Rmd)
    Error: processing vignette 'MatchingOrder.Rmd' failed with diagnostics:
    cannot use 'paired' in formula method
    --- failed re-building ‘MatchingOrder.Rmd’
    
    --- re-building ‘PSAboot.Rmd’ using rmarkdown
    
    Quitting from lines 141-142 [lalondeSummary] (PSAboot.Rmd)
    Error: processing vignette 'PSAboot.Rmd' failed with diagnostics:
    cannot use 'paired' in formula method
    --- failed re-building ‘PSAboot.Rmd’
    
    SUMMARY: processing the following files failed:
     ‘MatchingOrder.Rmd’ ‘PSAboot.Rmd’
    
    Error: Vignette re-building failed.
    Execution halted
Flavors: r-devel-linux-x86_64-debian-clang, r-devel-linux-x86_64-debian-gcc

Version: 1.3.6
Check: data for non-ASCII characters
Result: NOTE
     Note: found 4 marked UTF-8 strings
Flavors: r-devel-linux-x86_64-fedora-clang, r-devel-linux-x86_64-fedora-gcc

Version: 1.3.6
Check: re-building of vignette outputs
Result: ERROR
    Error(s) in re-building vignettes:
    --- re-building ‘MatchingOrder.Rmd’ using rmarkdown
    
    Quitting from lines 126-127 [lalonde-boxplot] (MatchingOrder.Rmd)
    Error: processing vignette 'MatchingOrder.Rmd' failed with diagnostics:
    cannot use 'paired' in formula method
    --- failed re-building ‘MatchingOrder.Rmd’
    
    --- re-building ‘PSAboot.Rmd’ using rmarkdown
    
    Quitting from lines 141-142 [lalondeSummary] (PSAboot.Rmd)
    Error: processing vignette 'PSAboot.Rmd' failed with diagnostics:
    cannot use 'paired' in formula method
    --- failed re-building ‘PSAboot.Rmd’
    
    SUMMARY: processing the following files failed:
     ‘MatchingOrder.Rmd’ ‘PSAboot.Rmd’
    
    Error: Vignette re-building failed.
    Execution halted
Flavors: r-devel-linux-x86_64-fedora-clang, r-devel-linux-x86_64-fedora-gcc, r-devel-windows-x86_64