CRAN Package Check Results for Package PMAPscore

Last updated on 2022-12-07 19:53:08 CET.

Flavor Version Tinstall Tcheck Ttotal Status Flags
r-devel-linux-x86_64-debian-clang 0.1.1 37.11 393.68 430.79 OK
r-devel-linux-x86_64-debian-gcc 0.1.1 34.63 291.41 326.04 OK
r-devel-linux-x86_64-fedora-clang 0.1.1 553.52 NOTE
r-devel-linux-x86_64-fedora-gcc 0.1.1 551.00 NOTE
r-devel-windows-x86_64 0.1.1 22.00 9.00 31.00 ERROR
r-patched-linux-x86_64 0.1.1 37.71 369.52 407.23 OK
r-release-linux-x86_64 0.1.1 38.56 370.44 409.00 OK
r-release-macos-arm64 0.1.1 135.00 NOTE
r-release-macos-x86_64 0.1.1 239.00 NOTE
r-release-windows-x86_64 0.1.1 25.00 7.00 32.00 ERROR
r-oldrel-macos-arm64 0.1.1 96.00 NOTE
r-oldrel-macos-x86_64 0.1.1 186.00 NOTE
r-oldrel-windows-ix86+x86_64 0.1.1 92.00 404.00 496.00 OK

Check Details

Version: 0.1.1
Check: dependencies in R code
Result: NOTE
    Namespaces in Imports field not imported from:
     ‘base’ ‘grDevices’
     All declared Imports should be used.
Flavors: r-devel-linux-x86_64-fedora-clang, r-devel-linux-x86_64-fedora-gcc, r-release-macos-arm64, r-release-macos-x86_64, r-oldrel-macos-arm64, r-oldrel-macos-x86_64

Version: 0.1.1
Check: whether package can be installed
Result: ERROR
    Installation failed.
Flavors: r-devel-windows-x86_64, r-release-windows-x86_64