CRAN Package Check Results for Package OptM

Last updated on 2022-08-10 08:52:40 CEST.

Flavor Version Tinstall Tcheck Ttotal Status Flags
r-devel-linux-x86_64-debian-clang 0.1.6 3.74 44.70 48.44 OK
r-devel-linux-x86_64-debian-gcc 0.1.6 3.16 33.18 36.34 OK
r-devel-linux-x86_64-fedora-clang 0.1.6 68.01 NOTE
r-devel-linux-x86_64-fedora-gcc 0.1.6 67.36 NOTE
r-devel-windows-x86_64 0.1.6 47.00 68.00 115.00 OK
r-patched-linux-x86_64 0.1.6 2.63 43.21 45.84 OK
r-release-linux-x86_64 0.1.6 OK
r-release-macos-arm64 0.1.6 18.00 NOTE
r-release-macos-x86_64 0.1.6 26.00 NOTE
r-release-windows-x86_64 0.1.6 48.00 72.00 120.00 OK
r-oldrel-macos-arm64 0.1.6 19.00 NOTE
r-oldrel-macos-x86_64 0.1.6 26.00 NOTE
r-oldrel-windows-ix86+x86_64 0.1.6 11.00 64.00 75.00 OK

Check Details

Version: 0.1.6
Check: dependencies in R code
Result: NOTE
    Namespaces in Imports field not imported from:
     ‘boot’ ‘splines’
     All declared Imports should be used.
Flavors: r-devel-linux-x86_64-fedora-clang, r-devel-linux-x86_64-fedora-gcc, r-release-macos-arm64, r-release-macos-x86_64, r-oldrel-macos-arm64, r-oldrel-macos-x86_64